{"id":14,"date":"2014-06-05T00:19:49","date_gmt":"2014-06-04T22:19:49","guid":{"rendered":"https:\/\/www.speckmarschall.de\/tests\/?page_id=14"},"modified":"2017-04-13T18:19:12","modified_gmt":"2017-04-13T16:19:12","slug":"vwspeck","status":"publish","type":"page","link":"https:\/\/www.speckmarschall.de\/?page_id=14","title":{"rendered":"SpeckMobil"},"content":{"rendered":"<h1>speckmarschall bringt dialoge<\/h1>\n<h2><span style=\"color: #99cc00;\">dem Hund sind die Z\u00e4hne die Kanonen der gealterten Verteidiger<\/span><\/h2>\n<p>Das Speckmarschall VW-Diagnoseprogramm SpeckMobil dient zur Ausgabe von Steuerger\u00e4teinformationen und zum Lesen bzw. R\u00fccksetzen von Fehlercodes an Fahrzeugen mit Diagnose via CAN (Wie etwa Golf 5). Die Codierung und Anpassung von Steuerger\u00e4ten ist in der derzeitigen Version noch nicht implementiert.<\/p>\n<p><a href=\"https:\/\/www.speckmarschall.de\/wcon\/wp-content\/uploads\/2014\/06\/programm1.png\"><img loading=\"lazy\" decoding=\"async\" class=\"alignnone size-medium wp-image-44\" src=\"https:\/\/www.speckmarschall.de\/wcon\/wp-content\/uploads\/2014\/06\/programm1-275x300.png\" alt=\"Programmfenster\" width=\"275\" height=\"300\" srcset=\"https:\/\/www.speckmarschall.de\/wcon\/wp-content\/uploads\/2014\/06\/programm1-275x300.png 275w, https:\/\/www.speckmarschall.de\/wcon\/wp-content\/uploads\/2014\/06\/programm1.png 477w\" sizes=\"auto, (max-width: 275px) 100vw, 275px\" \/><\/a><\/p>\n<p>ACHTUNG: Beachten Sie, dass dieses Programm sich noch im Entwicklungsstadium befindet und f\u00fcr experimentelle Zwecke vorgesehen ist. W\u00e4hrend der Fahrt sollte dieses Programm keinesfalls eingesetzt werden. Eine Haftung bei Funktionsfehlern wird generell nicht \u00fcbernommen.<br \/>\nBeim R\u00fccksetzen von Fehlerspeichern, besonders in sicherheitsrelevanten Teilen wie z. B. Lenkung und Bremsen, beim Arbeiten an Steuerger\u00e4ten mit Abgasrelevanz oder am Airbag sind die einschl\u00e4gigen Sicherheitsvorschriften unbedingt zu beachten. M\u00f6glicherweise ist das Arbeiten an diesen Teilen in Ihrem Land gesetzlich beschr\u00e4nkt.<br \/>\nNach Beenden der Diagnosearbeiten muss die Z\u00fcndung am Fahrzeug ausgeschaltet und der Diagnosestecker entfernt werden.<\/p>\n<p>Voraussetzung zur Verbindung mit dem Fahrzeug: CAN-Seriell-Adapter mit ELM327 (<a href=\"http:\/\/www.elmelectronics.com\/obdic.html\" target=\"_blank\">http:\/\/www.elmelectronics.com\/obdic.html<\/a>); ein Adapter mit Bluetoothfunktion erweist sich als besonders praktisch.<\/p>\n<p>Die hier angebotene Version des Speckmarschall Diagnoseprogramms ist unter Windows 7 und unter Windows 8 lauff\u00e4hig. Unter Windows XP ist das Programm ebenfalls lauff\u00e4hig, wurde dort aber nicht erprobt. F\u00fcr andere Betriebssysteme kompilieren Sie bitte das Programm selbst.<br \/>\nNach dem ersten Start ist unter &#8222;Options-&gt;Serial Port Settings&#8220; der entsprechende Port zu dem ELM327-Adapter auszuw\u00e4hlen. Die Portparameter sind im Regelfall bei den voreingestellten Werten zu belassen.<\/p>\n<p><a href=\"https:\/\/www.speckmarschall.de\/wcon\/wp-content\/uploads\/2014\/06\/seriell1.png\"><img loading=\"lazy\" decoding=\"async\" class=\"alignnone size-medium wp-image-45\" src=\"https:\/\/www.speckmarschall.de\/wcon\/wp-content\/uploads\/2014\/06\/seriell1-300x151.png\" alt=\"Einstellungen\" width=\"300\" height=\"151\" srcset=\"https:\/\/www.speckmarschall.de\/wcon\/wp-content\/uploads\/2014\/06\/seriell1-300x151.png 300w, https:\/\/www.speckmarschall.de\/wcon\/wp-content\/uploads\/2014\/06\/seriell1.png 490w\" sizes=\"auto, (max-width: 300px) 100vw, 300px\" \/><\/a><\/p>\n<p>Nach Anstecken des Diagnoseadapters und Einschalten der Z\u00fcndung des Fahrzeuges kann nun durch Dr\u00fccken von &#8222;Connect to ELM&#8220; die Verbindung zum Adapter aufgebaut werden.<br \/>\nNach erfolgreicher Verbindung werden durch Klicken auf &#8222;Find Modules&#8220; die installierten Steuerger\u00e4te gesucht und werden danach im Men\u00fc unter &#8222;Choose Module&#8220; angezeigt. Steuerger\u00e4te, die einwandfrei funktionieren, werden in gr\u00fcn angezeigt, liegt ein Fehler vor, ist die Schrift rot. Bei schwarzer Schrift liegt eine St\u00f6rung bei der Erreichbarkeit des entsprechenden Steuerger\u00e4tes vor.<br \/>\nDas gew\u00fcnschte Steuerger\u00e4t wird durch Auswahl konnektiert und diverse Funktionen stehen zur Verf\u00fcgung:<\/p>\n<ul>\n<li>&#8222;Read Errors in Module&#8220;: Die Gesamtzahl der gefundenen Fehler im angew\u00e4hlten Steuerger\u00e4t und die Fehlercodes werden angezeigt.<\/li>\n<li>&#8222;Clear Errors in Module&#8220;: Alle Fehler werden aus dem Fehlerspeicher im angew\u00e4hlten Steuerger\u00e4t gel\u00f6scht.<\/li>\n<li>&#8222;Close Module&#8220;: Das ausgew\u00e4hlte Steuerger\u00e4t wird diskonnektiert und ein anderes kann ausgew\u00e4hlt oder das Programm kann beendet werden.<\/li>\n<li>&#8222;Read Info&#8220;: Es werden diverse Informationen abgefragt und in den entsprechenden Feldern ausgegeben. Dabei kann es sein, dass verschiedene Felder leer bleiben, da nicht jedes Steuerger\u00e4t alle Informationen anbietet.<\/li>\n<\/ul>\n<p>Falls die automatische Suche der Steuerger\u00e4te auch nach mehrmaligen Versuchen nicht gelingt oder ein Steuerger\u00e4t nicht im CAN-Gateway eingetragen ist, kann dieses auch direkt durch eingabe der Adresse in &#8222;Module address&#8220; und klicken auf &#8222;Open Module&#8220; angew\u00e4hlt werden.<\/p>\n<p><a title=\"Download\" href=\"https:\/\/www.speckmarschall.de\/?page_id=37\">Download SpeckMobil<\/a><\/p>\n","protected":false},"excerpt":{"rendered":"<p>speckmarschall bringt dialoge dem Hund sind die Z\u00e4hne die Kanonen der gealterten Verteidiger Das Speckmarschall VW-Diagnoseprogramm SpeckMobil dient zur Ausgabe von Steuerger\u00e4teinformationen und zum Lesen bzw. R\u00fccksetzen von Fehlercodes an Fahrzeugen mit Diagnose via CAN (Wie etwa Golf 5). Die Codierung und Anpassung von Steuerger\u00e4ten ist in der derzeitigen Version noch nicht implementiert. ACHTUNG: Beachten &hellip; <a href=\"https:\/\/www.speckmarschall.de\/?page_id=14\" class=\"more-link\"><span class=\"screen-reader-text\">SpeckMobil<\/span> weiterlesen <span class=\"meta-nav\">&rarr;<\/span><\/a><\/p>\n","protected":false},"author":1,"featured_media":0,"parent":3215,"menu_order":30,"comment_status":"open","ping_status":"closed","template":"","meta":{"footnotes":""},"class_list":["post-14","page","type-page","status-publish","hentry"],"_links":{"self":[{"href":"https:\/\/www.speckmarschall.de\/index.php?rest_route=\/wp\/v2\/pages\/14","targetHints":{"allow":["GET"]}}],"collection":[{"href":"https:\/\/www.speckmarschall.de\/index.php?rest_route=\/wp\/v2\/pages"}],"about":[{"href":"https:\/\/www.speckmarschall.de\/index.php?rest_route=\/wp\/v2\/types\/page"}],"author":[{"embeddable":true,"href":"https:\/\/www.speckmarschall.de\/index.php?rest_route=\/wp\/v2\/users\/1"}],"replies":[{"embeddable":true,"href":"https:\/\/www.speckmarschall.de\/index.php?rest_route=%2Fwp%2Fv2%2Fcomments&post=14"}],"version-history":[{"count":10,"href":"https:\/\/www.speckmarschall.de\/index.php?rest_route=\/wp\/v2\/pages\/14\/revisions"}],"predecessor-version":[{"id":57,"href":"https:\/\/www.speckmarschall.de\/index.php?rest_route=\/wp\/v2\/pages\/14\/revisions\/57"}],"up":[{"embeddable":true,"href":"https:\/\/www.speckmarschall.de\/index.php?rest_route=\/wp\/v2\/pages\/3215"}],"wp:attachment":[{"href":"https:\/\/www.speckmarschall.de\/index.php?rest_route=%2Fwp%2Fv2%2Fmedia&parent=14"}],"curies":[{"name":"wp","href":"https:\/\/api.w.org\/{rel}","templated":true}]}}