{"id":1992,"date":"2016-06-10T16:50:04","date_gmt":"2016-06-10T14:50:04","guid":{"rendered":"https:\/\/www.speckmarschall.de\/?page_id=1992"},"modified":"2016-07-26T14:32:18","modified_gmt":"2016-07-26T12:32:18","slug":"filet-in-knoblauch-kraeuter-oder-tee-kruste","status":"publish","type":"page","link":"https:\/\/www.speckmarschall.de\/?page_id=1992","title":{"rendered":"Filet in Knoblauch-Kr\u00e4uter- oder Tee-Kruste"},"content":{"rendered":"<p>speckmarschall empfiehlt:<\/p>\n<ul>\n<li>Grillvariante: Mittlere Hitze auf direkter Flamme (180-230 \u00b0C)<\/li>\n<li>Grilldauer: ca. 8 min f\u00fcr W\u00fcrzfilet; ca. 13-15 min f\u00fcr Kr\u00e4uterfilet<\/li>\n<li>W\u00fcrzpaste: 2TL <span class=\"st\">\u2259<\/span> 2 Teebeutel Schwarzer Tee<br \/>\n1 TL schwarzer Pfeffer<br \/>\n1 TL Estragon<br \/>\n1 TL Salz<br \/>\n0,5 TL Thymian<br \/>\n15 ml\u00a0 feinstes Oliven\u00f6l<\/li>\n<li>Marinade:\u00a0 5 gro\u00dfe Knoblauchzehen<br \/>\n1 EL Salz<br \/>\n5 EL fein gehackte Petersilie<br \/>\n20 ml feinstes Oliven\u00f6l<br \/>\n20 ml feinster dunkelbrauner Balsamessig<\/li>\n<li>Rinderfiletsteaks \u00e1 200 g und 35-45 mm dick<\/li>\n<li>Bohnen und Speck nach Wahl<\/li>\n<li>Blattspinatsalat<\/li>\n<li>Baguette<\/li>\n<\/ul>\n<p><a href=\"https:\/\/www.speckmarschall.de\/wcon\/wp-content\/uploads\/2016\/06\/2016-06-01-15.15.13.jpg\"><img loading=\"lazy\" decoding=\"async\" class=\"alignnone wp-image-1994\" src=\"https:\/\/www.speckmarschall.de\/wcon\/wp-content\/uploads\/2016\/06\/2016-06-01-15.15.13-1024x766.jpg\" alt=\"2016-06-01 15.15.13\" width=\"232\" height=\"174\" srcset=\"https:\/\/www.speckmarschall.de\/wcon\/wp-content\/uploads\/2016\/06\/2016-06-01-15.15.13-1024x766.jpg 1024w, https:\/\/www.speckmarschall.de\/wcon\/wp-content\/uploads\/2016\/06\/2016-06-01-15.15.13-300x224.jpg 300w, https:\/\/www.speckmarschall.de\/wcon\/wp-content\/uploads\/2016\/06\/2016-06-01-15.15.13-768x574.jpg 768w\" sizes=\"auto, (max-width: 232px) 100vw, 232px\" \/>\u00a0<\/a> <a href=\"https:\/\/www.speckmarschall.de\/wcon\/wp-content\/uploads\/2016\/06\/2016-06-01-15.19.56.jpg\"><img loading=\"lazy\" decoding=\"async\" class=\"alignnone wp-image-1995\" src=\"https:\/\/www.speckmarschall.de\/wcon\/wp-content\/uploads\/2016\/06\/2016-06-01-15.19.56-1024x766.jpg\" alt=\"2016-06-01 15.19.56\" width=\"232\" height=\"174\" srcset=\"https:\/\/www.speckmarschall.de\/wcon\/wp-content\/uploads\/2016\/06\/2016-06-01-15.19.56-1024x766.jpg 1024w, https:\/\/www.speckmarschall.de\/wcon\/wp-content\/uploads\/2016\/06\/2016-06-01-15.19.56-300x224.jpg 300w, https:\/\/www.speckmarschall.de\/wcon\/wp-content\/uploads\/2016\/06\/2016-06-01-15.19.56-768x574.jpg 768w\" sizes=\"auto, (max-width: 232px) 100vw, 232px\" \/><\/a><\/p>\n<p><a href=\"https:\/\/www.speckmarschall.de\/wcon\/wp-content\/uploads\/2016\/06\/2016-06-01-Petersilie.jpg\"><img loading=\"lazy\" decoding=\"async\" class=\"alignnone wp-image-2008\" src=\"https:\/\/www.speckmarschall.de\/wcon\/wp-content\/uploads\/2016\/06\/2016-06-01-Petersilie-1024x766.jpg\" alt=\"2016-06-01-Petersilie\" width=\"232\" height=\"174\" srcset=\"https:\/\/www.speckmarschall.de\/wcon\/wp-content\/uploads\/2016\/06\/2016-06-01-Petersilie.jpg 1024w, https:\/\/www.speckmarschall.de\/wcon\/wp-content\/uploads\/2016\/06\/2016-06-01-Petersilie-300x224.jpg 300w, https:\/\/www.speckmarschall.de\/wcon\/wp-content\/uploads\/2016\/06\/2016-06-01-Petersilie-768x575.jpg 768w\" sizes=\"auto, (max-width: 232px) 100vw, 232px\" \/>\u00a0 <\/a><a href=\"https:\/\/www.speckmarschall.de\/wcon\/wp-content\/uploads\/2016\/06\/2016-06-01-15.11.59.jpg\"><img loading=\"lazy\" decoding=\"async\" class=\"alignnone wp-image-1993\" src=\"https:\/\/www.speckmarschall.de\/wcon\/wp-content\/uploads\/2016\/06\/2016-06-01-15.11.59-1024x766.jpg\" alt=\"2016-06-01 15.11.59\" width=\"231\" height=\"173\" srcset=\"https:\/\/www.speckmarschall.de\/wcon\/wp-content\/uploads\/2016\/06\/2016-06-01-15.11.59-1024x766.jpg 1024w, https:\/\/www.speckmarschall.de\/wcon\/wp-content\/uploads\/2016\/06\/2016-06-01-15.11.59-300x224.jpg 300w, https:\/\/www.speckmarschall.de\/wcon\/wp-content\/uploads\/2016\/06\/2016-06-01-15.11.59-768x574.jpg 768w\" sizes=\"auto, (max-width: 231px) 100vw, 231px\" \/>\u00a0<\/a><\/p>\n<p><a href=\"https:\/\/www.speckmarschall.de\/wcon\/wp-content\/uploads\/2016\/06\/2016-06-01-15.22.40.jpg\"><img loading=\"lazy\" decoding=\"async\" class=\"alignnone wp-image-1996\" src=\"https:\/\/www.speckmarschall.de\/wcon\/wp-content\/uploads\/2016\/06\/2016-06-01-15.22.40-1024x766.jpg\" alt=\"2016-06-01 15.22.40\" width=\"232\" height=\"174\" srcset=\"https:\/\/www.speckmarschall.de\/wcon\/wp-content\/uploads\/2016\/06\/2016-06-01-15.22.40-1024x766.jpg 1024w, https:\/\/www.speckmarschall.de\/wcon\/wp-content\/uploads\/2016\/06\/2016-06-01-15.22.40-300x224.jpg 300w, https:\/\/www.speckmarschall.de\/wcon\/wp-content\/uploads\/2016\/06\/2016-06-01-15.22.40-768x574.jpg 768w\" sizes=\"auto, (max-width: 232px) 100vw, 232px\" \/>\u00a0<\/a> <a href=\"https:\/\/www.speckmarschall.de\/wcon\/wp-content\/uploads\/2016\/06\/2016-06-01-15.29.08.jpg\"><img loading=\"lazy\" decoding=\"async\" class=\"alignnone wp-image-1997\" src=\"https:\/\/www.speckmarschall.de\/wcon\/wp-content\/uploads\/2016\/06\/2016-06-01-15.29.08-1024x766.jpg\" alt=\"2016-06-01 15.29.08\" width=\"231\" height=\"173\" srcset=\"https:\/\/www.speckmarschall.de\/wcon\/wp-content\/uploads\/2016\/06\/2016-06-01-15.29.08-1024x766.jpg 1024w, https:\/\/www.speckmarschall.de\/wcon\/wp-content\/uploads\/2016\/06\/2016-06-01-15.29.08-300x224.jpg 300w, https:\/\/www.speckmarschall.de\/wcon\/wp-content\/uploads\/2016\/06\/2016-06-01-15.29.08-768x574.jpg 768w\" sizes=\"auto, (max-width: 231px) 100vw, 231px\" \/><\/a><\/p>\n<p><a href=\"https:\/\/www.speckmarschall.de\/wcon\/wp-content\/uploads\/2016\/06\/2016-06-01-15.39.17.jpg\"><img loading=\"lazy\" decoding=\"async\" class=\"alignnone wp-image-1999\" src=\"https:\/\/www.speckmarschall.de\/wcon\/wp-content\/uploads\/2016\/06\/2016-06-01-15.39.17-766x1024.jpg\" alt=\"2016-06-01 15.39.17\" width=\"122\" height=\"163\" srcset=\"https:\/\/www.speckmarschall.de\/wcon\/wp-content\/uploads\/2016\/06\/2016-06-01-15.39.17-766x1024.jpg 766w, https:\/\/www.speckmarschall.de\/wcon\/wp-content\/uploads\/2016\/06\/2016-06-01-15.39.17-224x300.jpg 224w, https:\/\/www.speckmarschall.de\/wcon\/wp-content\/uploads\/2016\/06\/2016-06-01-15.39.17-768x1027.jpg 768w\" sizes=\"auto, (max-width: 122px) 100vw, 122px\" \/>\u00a0<\/a> <a href=\"https:\/\/www.speckmarschall.de\/wcon\/wp-content\/uploads\/2016\/06\/2016-06-01-15.40.35.jpg\"><img loading=\"lazy\" decoding=\"async\" class=\"alignnone wp-image-2000\" src=\"https:\/\/www.speckmarschall.de\/wcon\/wp-content\/uploads\/2016\/06\/2016-06-01-15.40.35-1024x766.jpg\" alt=\"2016-06-01 15.40.35\" width=\"218\" height=\"163\" srcset=\"https:\/\/www.speckmarschall.de\/wcon\/wp-content\/uploads\/2016\/06\/2016-06-01-15.40.35-1024x766.jpg 1024w, https:\/\/www.speckmarschall.de\/wcon\/wp-content\/uploads\/2016\/06\/2016-06-01-15.40.35-300x224.jpg 300w, https:\/\/www.speckmarschall.de\/wcon\/wp-content\/uploads\/2016\/06\/2016-06-01-15.40.35-768x574.jpg 768w\" sizes=\"auto, (max-width: 218px) 100vw, 218px\" \/><\/a>\u00a0 <a href=\"https:\/\/www.speckmarschall.de\/wcon\/wp-content\/uploads\/2016\/06\/2016-06-01-15.42.05.jpg\"><img loading=\"lazy\" decoding=\"async\" class=\"alignnone wp-image-2001\" src=\"https:\/\/www.speckmarschall.de\/wcon\/wp-content\/uploads\/2016\/06\/2016-06-01-15.42.05-766x1024.jpg\" alt=\"2016-06-01 15.42.05\" width=\"119\" height=\"159\" srcset=\"https:\/\/www.speckmarschall.de\/wcon\/wp-content\/uploads\/2016\/06\/2016-06-01-15.42.05-766x1024.jpg 766w, https:\/\/www.speckmarschall.de\/wcon\/wp-content\/uploads\/2016\/06\/2016-06-01-15.42.05-224x300.jpg 224w, https:\/\/www.speckmarschall.de\/wcon\/wp-content\/uploads\/2016\/06\/2016-06-01-15.42.05-768x1027.jpg 768w\" sizes=\"auto, (max-width: 119px) 100vw, 119px\" \/><\/a><\/p>\n<p><a href=\"https:\/\/www.speckmarschall.de\/wcon\/wp-content\/uploads\/2016\/06\/2016-06-01-18.40.48.jpg\"><img loading=\"lazy\" decoding=\"async\" class=\"alignnone wp-image-2002\" src=\"https:\/\/www.speckmarschall.de\/wcon\/wp-content\/uploads\/2016\/06\/2016-06-01-18.40.48-1024x766.jpg\" alt=\"2016-06-01 18.40.48\" width=\"235\" height=\"176\" srcset=\"https:\/\/www.speckmarschall.de\/wcon\/wp-content\/uploads\/2016\/06\/2016-06-01-18.40.48-1024x766.jpg 1024w, https:\/\/www.speckmarschall.de\/wcon\/wp-content\/uploads\/2016\/06\/2016-06-01-18.40.48-300x224.jpg 300w, https:\/\/www.speckmarschall.de\/wcon\/wp-content\/uploads\/2016\/06\/2016-06-01-18.40.48-768x574.jpg 768w\" sizes=\"auto, (max-width: 235px) 100vw, 235px\" \/>\u00a0<\/a> <a href=\"https:\/\/www.speckmarschall.de\/wcon\/wp-content\/uploads\/2016\/06\/2016-06-01-18.41.05.jpg\"><img loading=\"lazy\" decoding=\"async\" class=\"alignnone wp-image-2003\" src=\"https:\/\/www.speckmarschall.de\/wcon\/wp-content\/uploads\/2016\/06\/2016-06-01-18.41.05-1024x766.jpg\" alt=\"2016-06-01 18.41.05\" width=\"233\" height=\"174\" srcset=\"https:\/\/www.speckmarschall.de\/wcon\/wp-content\/uploads\/2016\/06\/2016-06-01-18.41.05-1024x766.jpg 1024w, https:\/\/www.speckmarschall.de\/wcon\/wp-content\/uploads\/2016\/06\/2016-06-01-18.41.05-300x224.jpg 300w, https:\/\/www.speckmarschall.de\/wcon\/wp-content\/uploads\/2016\/06\/2016-06-01-18.41.05-768x574.jpg 768w\" sizes=\"auto, (max-width: 233px) 100vw, 233px\" \/><br \/>\n<\/a><\/p>\n<p><a href=\"https:\/\/www.speckmarschall.de\/wcon\/wp-content\/uploads\/2016\/06\/2016-06-01-18.57.06.jpg\"><img loading=\"lazy\" decoding=\"async\" class=\"wp-image-2004 aligncenter\" src=\"https:\/\/www.speckmarschall.de\/wcon\/wp-content\/uploads\/2016\/06\/2016-06-01-18.51.22-766x1024.jpg\" alt=\"2016-06-01 18.51.22\" width=\"258\" height=\"345\" srcset=\"https:\/\/www.speckmarschall.de\/wcon\/wp-content\/uploads\/2016\/06\/2016-06-01-18.51.22-766x1024.jpg 766w, https:\/\/www.speckmarschall.de\/wcon\/wp-content\/uploads\/2016\/06\/2016-06-01-18.51.22-224x300.jpg 224w, https:\/\/www.speckmarschall.de\/wcon\/wp-content\/uploads\/2016\/06\/2016-06-01-18.51.22-768x1027.jpg 768w\" sizes=\"auto, (max-width: 258px) 100vw, 258px\" \/><br \/>\n<img loading=\"lazy\" decoding=\"async\" class=\"wp-image-2006 aligncenter\" src=\"https:\/\/www.speckmarschall.de\/wcon\/wp-content\/uploads\/2016\/06\/2016-06-01-18.57.06-1024x766.jpg\" alt=\"2016-06-01 18.57.06\" width=\"414\" height=\"310\" srcset=\"https:\/\/www.speckmarschall.de\/wcon\/wp-content\/uploads\/2016\/06\/2016-06-01-18.57.06-1024x766.jpg 1024w, https:\/\/www.speckmarschall.de\/wcon\/wp-content\/uploads\/2016\/06\/2016-06-01-18.57.06-300x224.jpg 300w, https:\/\/www.speckmarschall.de\/wcon\/wp-content\/uploads\/2016\/06\/2016-06-01-18.57.06-768x574.jpg 768w\" sizes=\"auto, (max-width: 414px) 100vw, 414px\" \/><\/a><\/p>\n<p>&nbsp;<\/p>\n<p><a href=\"https:\/\/www.speckmarschall.de\/wcon\/wp-content\/uploads\/2016\/06\/2016-06-01-Knoblauch-zerkleinert.jpg\">\u00a0<\/a><\/p>\n","protected":false},"excerpt":{"rendered":"<p>speckmarschall empfiehlt: Grillvariante: Mittlere Hitze auf direkter Flamme (180-230 \u00b0C) Grilldauer: ca. 8 min f\u00fcr W\u00fcrzfilet; ca. 13-15 min f\u00fcr Kr\u00e4uterfilet W\u00fcrzpaste: 2TL \u2259 2 Teebeutel Schwarzer Tee 1 TL schwarzer Pfeffer 1 TL Estragon 1 TL Salz 0,5 TL Thymian 15 ml\u00a0 feinstes Oliven\u00f6l Marinade:\u00a0 5 gro\u00dfe Knoblauchzehen 1 EL Salz 5 EL fein &hellip; <a href=\"https:\/\/www.speckmarschall.de\/?page_id=1992\" class=\"more-link\"><span class=\"screen-reader-text\">Filet in Knoblauch-Kr\u00e4uter- oder Tee-Kruste<\/span> weiterlesen <span class=\"meta-nav\">&rarr;<\/span><\/a><\/p>\n","protected":false},"author":2,"featured_media":0,"parent":1740,"menu_order":0,"comment_status":"closed","ping_status":"closed","template":"","meta":{"footnotes":""},"class_list":["post-1992","page","type-page","status-publish","hentry"],"_links":{"self":[{"href":"https:\/\/www.speckmarschall.de\/index.php?rest_route=\/wp\/v2\/pages\/1992","targetHints":{"allow":["GET"]}}],"collection":[{"href":"https:\/\/www.speckmarschall.de\/index.php?rest_route=\/wp\/v2\/pages"}],"about":[{"href":"https:\/\/www.speckmarschall.de\/index.php?rest_route=\/wp\/v2\/types\/page"}],"author":[{"embeddable":true,"href":"https:\/\/www.speckmarschall.de\/index.php?rest_route=\/wp\/v2\/users\/2"}],"replies":[{"embeddable":true,"href":"https:\/\/www.speckmarschall.de\/index.php?rest_route=%2Fwp%2Fv2%2Fcomments&post=1992"}],"version-history":[{"count":8,"href":"https:\/\/www.speckmarschall.de\/index.php?rest_route=\/wp\/v2\/pages\/1992\/revisions"}],"predecessor-version":[{"id":2143,"href":"https:\/\/www.speckmarschall.de\/index.php?rest_route=\/wp\/v2\/pages\/1992\/revisions\/2143"}],"up":[{"embeddable":true,"href":"https:\/\/www.speckmarschall.de\/index.php?rest_route=\/wp\/v2\/pages\/1740"}],"wp:attachment":[{"href":"https:\/\/www.speckmarschall.de\/index.php?rest_route=%2Fwp%2Fv2%2Fmedia&parent=1992"}],"curies":[{"name":"wp","href":"https:\/\/api.w.org\/{rel}","templated":true}]}}