{"id":203,"date":"2015-04-27T17:15:06","date_gmt":"2015-04-27T15:15:06","guid":{"rendered":"https:\/\/www.speckmarschall.de\/?page_id=203"},"modified":"2019-12-23T13:23:41","modified_gmt":"2019-12-23T11:23:41","slug":"db0ro","status":"publish","type":"page","link":"https:\/\/www.speckmarschall.de\/?page_id=203","title":{"rendered":"DB0RO &#8211; Ringelsberg"},"content":{"rendered":"<h3>Relaisfunkstelle Ringelsberg, DB0RO<\/h3>\n<ul>\n<li style=\"text-align: justify;\">Koordinaten: N 49.2339, E 8.0485<\/li>\n<li style=\"text-align: justify;\">Maidenhead Locator: JN49af<\/li>\n<li style=\"text-align: justify;\">Standort:\u00a0 Ringelsbergh\u00fctte auf dem gleichnamigen Ringelsberg\u00a0 &#8211; Frankweiler (Pfalz),\u00a0 463 m \u00fc. NHN, ca. 350 m \u00fcber der Rheinebene.<\/li>\n<li style=\"text-align: justify;\">Frequenzbereiche:\n<ol>\n<li>UHF 439,125 MHz; \u00a0\u00a0\u00a0 -7,6 MHz Ablage; Sprachrepeater; Mod. F3E -&gt; <a href=\"https:\/\/www.speckmarschall.de\/?page_id=67\"><strong>Livestream<\/strong><\/a><\/li>\n<li>UHF 1298.625 MHz\u00a0 -28 Mhz Ablage; Sprachrepeater; Mod. F3E<\/li>\n<li>VHF 144.800 MHz, Simplex, 1k2, APRS Digipeater<\/li>\n<\/ol>\n<\/li>\n<li style=\"text-align: justify;\">Rufzeichen DB0RO<\/li>\n<li style=\"text-align: justify;\">Antenne: Diamond X4000\u00a0\u00a0 2m\/70cm\/23cm Multibandantenne<br \/>\n\u25ba Gewinn:\u00a0 3,15\/6,3\/9,7 dBi (2 m \/ 70 cm \/ 23 cm)<br \/>\n\u25ba ca. 8m \u00fcber Grund<\/li>\n<li style=\"text-align: justify;\">Technik:\n<ol>\n<li style=\"text-align: justify;\">UHF: RX: 431,525 MHz , Storno cqm 763, Vorverst\u00e4rker nach DF9IC , TX: 439,125 MHz , Storno cqm 763 , Leistung 3,7 W PEP &#8211; Steuerung via Raspberry Pi mit SVXLink; Sprachausgabe und Fernsteuerung.<\/li>\n<li>UHF: RX: 1270,625 Mhz, 2 m Storno cqm 763 , Konverter, Vorverst\u00e4rker nach DF9IC, Empfindlichkeit 0,11 \u00b5V. TX: 1298,625 Mhz, Linktx 3 und Endstufe (DF9IC) , Leistung: 5 W<\/li>\n<li>VHF: RX\/TX 144,800 MHz, TRX am TNC2 f\u00fcr APRS, Leistung 1,5 W PEP,<\/li>\n<\/ol>\n<\/li>\n<li style=\"text-align: justify;\">Steuerung: Mikrocontroller \u00b5C6504 und NE567 zur DTMF-Auswertung<\/li>\n<li style=\"text-align: justify;\">Rufzeicheninhaber: R\u00fcdiger Wenner DL4UY<\/li>\n<\/ul>\n<p><strong>Allgemeine Informationen:<\/strong><br \/>\nDie Relaisfunkstelle DB0RO bei Frankweiler auf dem Ringelsberg befindet sich auf 436 m \u00fc. NHN. Irrt\u00fcmlicherweise wird das Relais immerzu mit Landau (Pfalz) in Verbindung gebracht. Ausschlaggebend daf\u00fcr scheint die Sprachausgabe des Relais. &#8222;Delta Bravo Null Romeo Oscar, Relaisfunkstelle Landau Pfalz&#8220;.<\/p>\n<p>Die Relaisfunkstelle befindet sich auf der <a href=\"http:\/\/www.pwv-frankweiler.de\/\" target=\"_blank\" rel=\"noopener noreferrer\">Ringelsbergh\u00fctte<\/a> im S\u00fcden des <a href=\"http:\/\/de.wikipedia.org\/wiki\/Haardt_%28Pf%C3%A4lzerwald%29\" target=\"_blank\" rel=\"noopener noreferrer\">Haardt<\/a>-Mittelbebirgszugs. Diese Berg\u00fctte des Pf\u00e4lzer-Wald-Vereins (PWV-Frankweiler) wird im Volksmund auch &#8222;Sackpfeif&#8220; genannt.<\/p>\n<figure id=\"attachment_223\" aria-describedby=\"caption-attachment-223\" style=\"width: 477px\" class=\"wp-caption alignnone\"><a href=\"https:\/\/www.speckmarschall.de\/wcon\/wp-content\/uploads\/2015\/04\/2.jpg\"><img loading=\"lazy\" decoding=\"async\" class=\"wp-image-223\" src=\"https:\/\/www.speckmarschall.de\/wcon\/wp-content\/uploads\/2015\/04\/2-300x90.jpg\" alt=\"DB0RO\" width=\"477\" height=\"143\" srcset=\"https:\/\/www.speckmarschall.de\/wcon\/wp-content\/uploads\/2015\/04\/2-300x90.jpg 300w, https:\/\/www.speckmarschall.de\/wcon\/wp-content\/uploads\/2015\/04\/2-1024x308.jpg 1024w\" sizes=\"auto, (max-width: 477px) 100vw, 477px\" \/><\/a><figcaption id=\"caption-attachment-223\" class=\"wp-caption-text\">DB0R0 Ringelsbergh\u00fctte<\/figcaption><\/figure>\n<p>Der topographischen Lage geschuldet ergibt sich eine stark nach Osten ausgepr\u00e4gte Sende- und Empfangscharakteristik des Relais.<\/p>\n<p><iframe loading=\"lazy\" src=\"https:\/\/www.speckmarschall.de\/bier\/DB0RO.html\" width=\"600\" height=\"450\" frameborder=\"0\"><\/iframe><\/p>\n<p>Das Relais istdem <a href=\"http:\/\/www.darc.de\/distrikte\/k\/14\">DARC Orts<\/a><a href=\"http:\/\/www.darc.de\/distrikte\/k\/14\" target=\"_blank\" rel=\"noopener noreferrer\">verband Landau DOK K14<\/a>\u00a0 angegliedert.<\/p>\n<p><a href=\"https:\/\/www.speckmarschall.de\/wcon\/wp-content\/uploads\/2015\/04\/IMG_7466.jpg\">\u00a0<\/a><a href=\"https:\/\/www.speckmarschall.de\/wcon\/wp-content\/uploads\/2015\/04\/IMG_7542.jpg\"><img loading=\"lazy\" decoding=\"async\" class=\" alignnone wp-image-227\" src=\"https:\/\/www.speckmarschall.de\/wcon\/wp-content\/uploads\/2015\/04\/IMG_7542-300x225.jpg\" alt=\"IMG_7542\" width=\"235\" height=\"176\" srcset=\"https:\/\/www.speckmarschall.de\/wcon\/wp-content\/uploads\/2015\/04\/IMG_7542-300x225.jpg 300w, https:\/\/www.speckmarschall.de\/wcon\/wp-content\/uploads\/2015\/04\/IMG_7542-1024x768.jpg 1024w\" sizes=\"auto, (max-width: 235px) 100vw, 235px\" \/><\/a><a href=\"https:\/\/www.speckmarschall.de\/wcon\/wp-content\/uploads\/2015\/04\/Ringelsbergh\u00fctte-DB0RO.jpg\"> <img loading=\"lazy\" decoding=\"async\" class=\"alignnone wp-image-466\" src=\"https:\/\/www.speckmarschall.de\/wcon\/wp-content\/uploads\/2015\/04\/Ringelsbergh\u00fctte-DB0RO.jpg\" alt=\"Ringelsbergh\u00fctte DB0RO\" width=\"232\" height=\"174\" srcset=\"https:\/\/www.speckmarschall.de\/wcon\/wp-content\/uploads\/2015\/04\/Ringelsbergh\u00fctte-DB0RO.jpg 3264w, https:\/\/www.speckmarschall.de\/wcon\/wp-content\/uploads\/2015\/04\/Ringelsbergh\u00fctte-DB0RO-300x225.jpg 300w, https:\/\/www.speckmarschall.de\/wcon\/wp-content\/uploads\/2015\/04\/Ringelsbergh\u00fctte-DB0RO-1024x768.jpg 1024w\" sizes=\"auto, (max-width: 232px) 100vw, 232px\" \/><\/a><\/p>\n<p><a href=\"https:\/\/www.speckmarschall.de\/wcon\/wp-content\/uploads\/2015\/04\/IMG_7557.jpg\"><img loading=\"lazy\" decoding=\"async\" class=\"alignnone wp-image-464\" src=\"https:\/\/www.speckmarschall.de\/wcon\/wp-content\/uploads\/2015\/04\/IMG_7557.jpg\" alt=\"IMG_7557\" width=\"235\" height=\"176\" srcset=\"https:\/\/www.speckmarschall.de\/wcon\/wp-content\/uploads\/2015\/04\/IMG_7557.jpg 3264w, https:\/\/www.speckmarschall.de\/wcon\/wp-content\/uploads\/2015\/04\/IMG_7557-300x225.jpg 300w, https:\/\/www.speckmarschall.de\/wcon\/wp-content\/uploads\/2015\/04\/IMG_7557-1024x768.jpg 1024w\" sizes=\"auto, (max-width: 235px) 100vw, 235px\" \/><\/a> <a href=\"https:\/\/www.speckmarschall.de\/wcon\/wp-content\/uploads\/2015\/04\/DB0RO-Ringelsberg-H\u00fctte.jpg\"><img loading=\"lazy\" decoding=\"async\" class=\"alignnone wp-image-462\" src=\"https:\/\/www.speckmarschall.de\/wcon\/wp-content\/uploads\/2015\/04\/DB0RO-Ringelsberg-H\u00fctte.jpg\" alt=\"DB0RO Ringelsberg H\u00fctte\" width=\"233\" height=\"175\" srcset=\"https:\/\/www.speckmarschall.de\/wcon\/wp-content\/uploads\/2015\/04\/DB0RO-Ringelsberg-H\u00fctte.jpg 3264w, https:\/\/www.speckmarschall.de\/wcon\/wp-content\/uploads\/2015\/04\/DB0RO-Ringelsberg-H\u00fctte-300x225.jpg 300w, https:\/\/www.speckmarschall.de\/wcon\/wp-content\/uploads\/2015\/04\/DB0RO-Ringelsberg-H\u00fctte-1024x768.jpg 1024w\" sizes=\"auto, (max-width: 233px) 100vw, 233px\" \/><\/a><\/p>\n<p><a href=\"https:\/\/www.speckmarschall.de\/wcon\/wp-content\/uploads\/2015\/04\/DB0RO.jpg\"><img loading=\"lazy\" decoding=\"async\" class=\"alignnone wp-image-463\" src=\"https:\/\/www.speckmarschall.de\/wcon\/wp-content\/uploads\/2015\/04\/DB0RO.jpg\" alt=\"DB0RO\" width=\"470\" height=\"124\" srcset=\"https:\/\/www.speckmarschall.de\/wcon\/wp-content\/uploads\/2015\/04\/DB0RO.jpg 2775w, https:\/\/www.speckmarschall.de\/wcon\/wp-content\/uploads\/2015\/04\/DB0RO-300x79.jpg 300w, https:\/\/www.speckmarschall.de\/wcon\/wp-content\/uploads\/2015\/04\/DB0RO-1024x270.jpg 1024w\" sizes=\"auto, (max-width: 470px) 100vw, 470px\" \/><\/a><\/p>\n<p>Ausf\u00fchrlichere Informationen zum Relais findet man unter:<\/p>\n<p><a href=\"http:\/\/www.darc.de\/de\/distrikte\/k\/14\/relaisstelle-db0ro\/\" target=\"_blank\" rel=\"noopener noreferrer\">http:\/\/www.darc.de\/de\/distrikte\/k\/14\/relaisstelle-db0ro\/<\/a><br \/>\n(zZ. leider offline)<\/p>\n<p><a href=\"https:\/\/www.darc.de\/der-club\/distrikte\/k\/detailansicht\/news\/db0ro-70cm-teil-erneuert\/\" target=\"_blank\" rel=\"noopener noreferrer\">https:\/\/www.darc.de\/der-club\/distrikte\/k\/detailansicht\/news\/db0ro-70cm-teil-erneuert\/<\/a><\/p>\n<p><a href=\"http:\/\/www.pwv-frankweiler.de\/\" target=\"_blank\" rel=\"noopener noreferrer\">http:\/\/www.pwv-frankweiler.de<\/a><\/p>\n<p>Anmerkungen:<br \/>\nWer die Ringelsbergh\u00fctte erwandern m\u00f6chte sollte sich nicht wundern.<br \/>\nIm Internet wird die H\u00fctte f\u00e4lschlicherweise oft als Naturfreundehaus Kiesbuckel angegeben (z.b. bei Google-Maps). Ebenso fehlerhaft ist auch die APRS-Positionsbake des Digipeaters, an dieser man sich nicht orientieren sollte. Dienliche Informationen findet man unter:<br \/>\n<a href=\"http:\/\/www.outdooractive.com\/de\/wanderung\/pfalz\/pfaelzer-huettentour\/1480490\/#dm=1\">www.outdooractive.com<\/a><\/p>\n<p style=\"text-align: right;\">(ctz)<\/p>\n","protected":false},"excerpt":{"rendered":"<p>Relaisfunkstelle Ringelsberg, DB0RO Koordinaten: N 49.2339, E 8.0485 Maidenhead Locator: JN49af Standort:\u00a0 Ringelsbergh\u00fctte auf dem gleichnamigen Ringelsberg\u00a0 &#8211; Frankweiler (Pfalz),\u00a0 463 m \u00fc. NHN, ca. 350 m \u00fcber der Rheinebene. Frequenzbereiche: UHF 439,125 MHz; \u00a0\u00a0\u00a0 -7,6 MHz Ablage; Sprachrepeater; Mod. F3E -&gt; Livestream UHF 1298.625 MHz\u00a0 -28 Mhz Ablage; Sprachrepeater; Mod. F3E VHF 144.800 MHz, &hellip; <a href=\"https:\/\/www.speckmarschall.de\/?page_id=203\" class=\"more-link\"><span class=\"screen-reader-text\">DB0RO &#8211; Ringelsberg<\/span> weiterlesen <span class=\"meta-nav\">&rarr;<\/span><\/a><\/p>\n","protected":false},"author":2,"featured_media":0,"parent":1550,"menu_order":60,"comment_status":"closed","ping_status":"closed","template":"","meta":{"footnotes":""},"class_list":["post-203","page","type-page","status-publish","hentry"],"_links":{"self":[{"href":"https:\/\/www.speckmarschall.de\/index.php?rest_route=\/wp\/v2\/pages\/203","targetHints":{"allow":["GET"]}}],"collection":[{"href":"https:\/\/www.speckmarschall.de\/index.php?rest_route=\/wp\/v2\/pages"}],"about":[{"href":"https:\/\/www.speckmarschall.de\/index.php?rest_route=\/wp\/v2\/types\/page"}],"author":[{"embeddable":true,"href":"https:\/\/www.speckmarschall.de\/index.php?rest_route=\/wp\/v2\/users\/2"}],"replies":[{"embeddable":true,"href":"https:\/\/www.speckmarschall.de\/index.php?rest_route=%2Fwp%2Fv2%2Fcomments&post=203"}],"version-history":[{"count":31,"href":"https:\/\/www.speckmarschall.de\/index.php?rest_route=\/wp\/v2\/pages\/203\/revisions"}],"predecessor-version":[{"id":4884,"href":"https:\/\/www.speckmarschall.de\/index.php?rest_route=\/wp\/v2\/pages\/203\/revisions\/4884"}],"up":[{"embeddable":true,"href":"https:\/\/www.speckmarschall.de\/index.php?rest_route=\/wp\/v2\/pages\/1550"}],"wp:attachment":[{"href":"https:\/\/www.speckmarschall.de\/index.php?rest_route=%2Fwp%2Fv2%2Fmedia&parent=203"}],"curies":[{"name":"wp","href":"https:\/\/api.w.org\/{rel}","templated":true}]}}