{"id":4393,"date":"2019-02-17T19:50:24","date_gmt":"2019-02-17T17:50:24","guid":{"rendered":"https:\/\/www.speckmarschall.de\/?page_id=4393"},"modified":"2019-02-20T09:45:36","modified_gmt":"2019-02-20T07:45:36","slug":"sprachrepeater-papagei-weinsheim","status":"publish","type":"page","link":"https:\/\/www.speckmarschall.de\/?page_id=4393","title":{"rendered":"Sprachrepeater Papagei Weinsheim"},"content":{"rendered":"\n<p><strong>CB-Funk \u2013 Sprachrepeater \u201ePapagei\u201c Weinsheim<\/strong><\/p>\n\n\n\n<ul class=\"wp-block-list\"><li>Maidenhead Locator: JN39vt 18AP<\/li><li>Koordinaten: N 49.8276, E 7.7584<\/li><li>Betriebsort: Scholl\u00e4nderweg 10, 55595 Weinsheim, ehemaliges Warnamt VII (7) Weinsheim bei Bad Kreuznach, 229 m \u00fc. NHN.<\/li><li>Frequenzbereich: 26,9875 MHz (Simplex)<\/li><li>Betriebsart: F3E<\/li><li>Kennung: 55595A<\/li><li>Antennenanlage: Vertialstrahler 7,25m (I-Max 2000) | koaxiale gespeist |Gewinn: 5,8 dBi | Masth\u00f6he ca. 7m \u00fcber Grund (229 m \u00fc. NHN.)<\/li><li>Anwendung: CB-Funk<\/li><\/ul>\n\n\n\n<p>Der Sprachrepeater <a rel=\"noreferrer noopener\" aria-label=\"Weinsheim  (\u00f6ffnet in neuem Tab)\" href=\"https:\/\/de.wikipedia.org\/wiki\/Weinsheim_(bei_Bad_Kreuznach)\" target=\"_blank\">Weinsheim <\/a>liegt im <a rel=\"noreferrer noopener\" aria-label=\"Naturpark Sohnwald-Nahe (\u00f6ffnet in neuem Tab)\" href=\"https:\/\/de.wikipedia.org\/wiki\/Naturpark_Soonwald-Nahe\" target=\"_blank\">Naturpark Sohnwald-Nahe<\/a> im Landkreis <a rel=\"noreferrer noopener\" aria-label=\"Bad Kreuznach (\u00f6ffnet in neuem Tab)\" href=\"https:\/\/de.wikipedia.org\/wiki\/Bad_Kreuznach\" target=\"_blank\">Bad Kreuznach<\/a> in Rheinland-Pfalz. Der CB-Funkrepeater befindet sich auf dem Gel\u00e4nde des ehemaligen <a href=\"https:\/\/de.wikipedia.org\/wiki\/Warnamt\">Warnamtes VII<\/a>. <\/p>\n\n\n\n<p><\/p>\n\n\n\n<p>Ausbreitungscharakteristik<br><\/p>\n\n\n\n<figure class=\"wp-block-image\"><a href=\"https:\/\/www.speckmarschall.de\/wcon\/wp-content\/uploads\/2019\/02\/Repeater-Kreuznach-CB-Funk.jpg\"><img loading=\"lazy\" decoding=\"async\" width=\"1024\" height=\"618\" src=\"https:\/\/www.speckmarschall.de\/wcon\/wp-content\/uploads\/2019\/02\/Repeater-Kreuznach-CB-Funk-Ausbreitungscharakteristik-1024x618.jpg\" alt=\"\" class=\"wp-image-4450\" srcset=\"https:\/\/www.speckmarschall.de\/wcon\/wp-content\/uploads\/2019\/02\/Repeater-Kreuznach-CB-Funk-Ausbreitungscharakteristik-1024x618.jpg 1024w, https:\/\/www.speckmarschall.de\/wcon\/wp-content\/uploads\/2019\/02\/Repeater-Kreuznach-CB-Funk-Ausbreitungscharakteristik-300x181.jpg 300w, https:\/\/www.speckmarschall.de\/wcon\/wp-content\/uploads\/2019\/02\/Repeater-Kreuznach-CB-Funk-Ausbreitungscharakteristik-768x464.jpg 768w\" sizes=\"auto, (max-width: 1024px) 100vw, 1024px\" \/><\/a><\/figure>\n\n\n\n<p><br>Die automatisch betriebene CB-Funkstation 55595 A ist eine private,  nicht kommerzielle Funkanwendung und dient der Nachrichten\u00fcbermittlung  (Sprache und Daten) zwischen den Nutzern (\u201eCB-Funker\u201c), wobei alle  Nutzer gleichberechtigt sind. <\/p>\n\n\n\n<p>Der Simplex-Sprach-Repeater, im Volksmund auch \u201ePapagei\u201c genannt, archiviert \u00fcber einen Zeitraum  alle FM-Signale (mit entsprechend hoher Feldst\u00e4rke) und gibt diese zeitversetzt auf der gleichen Frequenz wieder.<\/p>\n\n\n\n<figure class=\"wp-block-image\"><img loading=\"lazy\" decoding=\"async\" width=\"957\" height=\"1024\" src=\"https:\/\/www.speckmarschall.de\/wcon\/wp-content\/uploads\/2019\/02\/CB-Funk-Papagei-Weinsheim-Warnamt-Repeater-Kreuznach-957x1024.jpg\" alt=\"\" class=\"wp-image-4402\" srcset=\"https:\/\/www.speckmarschall.de\/wcon\/wp-content\/uploads\/2019\/02\/CB-Funk-Papagei-Weinsheim-Warnamt-Repeater-Kreuznach-957x1024.jpg 957w, https:\/\/www.speckmarschall.de\/wcon\/wp-content\/uploads\/2019\/02\/CB-Funk-Papagei-Weinsheim-Warnamt-Repeater-Kreuznach-281x300.jpg 281w, https:\/\/www.speckmarschall.de\/wcon\/wp-content\/uploads\/2019\/02\/CB-Funk-Papagei-Weinsheim-Warnamt-Repeater-Kreuznach-768x821.jpg 768w\" sizes=\"auto, (max-width: 957px) 100vw, 957px\" \/><figcaption>Antennenanlage des CB-Funk-Sprachrepeaters Weinsheim<\/figcaption><\/figure>\n\n\n<p>\u00a0<\/p>\n<p><a href=\"https:\/\/www.speckmarschall.de\/wcon\/wp-content\/uploads\/2019\/02\/Warnamt-Weinsheim-CB-Funk-Radiosender.jpg\"><img loading=\"lazy\" decoding=\"async\" class=\"alignnone wp-image-4407 size-large\" src=\"https:\/\/www.speckmarschall.de\/wcon\/wp-content\/uploads\/2019\/02\/Warnamt-Weinsheim-CB-Funk-Radiosender-1024x258.jpg\" alt=\"\" width=\"474\" height=\"119\" srcset=\"https:\/\/www.speckmarschall.de\/wcon\/wp-content\/uploads\/2019\/02\/Warnamt-Weinsheim-CB-Funk-Radiosender-1024x258.jpg 1024w, https:\/\/www.speckmarschall.de\/wcon\/wp-content\/uploads\/2019\/02\/Warnamt-Weinsheim-CB-Funk-Radiosender-300x76.jpg 300w, https:\/\/www.speckmarschall.de\/wcon\/wp-content\/uploads\/2019\/02\/Warnamt-Weinsheim-CB-Funk-Radiosender-768x194.jpg 768w\" sizes=\"auto, (max-width: 474px) 100vw, 474px\" \/><\/a><\/p>\n<p><a href=\"https:\/\/www.speckmarschall.de\/wcon\/wp-content\/uploads\/2019\/02\/Repeater-Kreuznach-CB-Funk-Papagei-Spachrepeater.jpg\"><img loading=\"lazy\" decoding=\"async\" class=\"alignnone size-large wp-image-4406\" src=\"https:\/\/www.speckmarschall.de\/wcon\/wp-content\/uploads\/2019\/02\/Repeater-Kreuznach-CB-Funk-Papagei-Spachrepeater-1024x165.jpg\" alt=\"\" width=\"474\" height=\"76\" srcset=\"https:\/\/www.speckmarschall.de\/wcon\/wp-content\/uploads\/2019\/02\/Repeater-Kreuznach-CB-Funk-Papagei-Spachrepeater-1024x165.jpg 1024w, https:\/\/www.speckmarschall.de\/wcon\/wp-content\/uploads\/2019\/02\/Repeater-Kreuznach-CB-Funk-Papagei-Spachrepeater-300x48.jpg 300w, https:\/\/www.speckmarschall.de\/wcon\/wp-content\/uploads\/2019\/02\/Repeater-Kreuznach-CB-Funk-Papagei-Spachrepeater-768x124.jpg 768w\" sizes=\"auto, (max-width: 474px) 100vw, 474px\" \/><\/a><\/p>\n<p><a href=\"https:\/\/www.speckmarschall.de\/wcon\/wp-content\/uploads\/2019\/02\/IMG_7845.jpg\"><img loading=\"lazy\" decoding=\"async\" class=\"alignnone size-large wp-image-4405\" src=\"https:\/\/www.speckmarschall.de\/wcon\/wp-content\/uploads\/2019\/02\/IMG_7845-1024x683.jpg\" alt=\"\" width=\"474\" height=\"316\" srcset=\"https:\/\/www.speckmarschall.de\/wcon\/wp-content\/uploads\/2019\/02\/IMG_7845-1024x683.jpg 1024w, https:\/\/www.speckmarschall.de\/wcon\/wp-content\/uploads\/2019\/02\/IMG_7845-300x200.jpg 300w, https:\/\/www.speckmarschall.de\/wcon\/wp-content\/uploads\/2019\/02\/IMG_7845-768x512.jpg 768w\" sizes=\"auto, (max-width: 474px) 100vw, 474px\" \/><\/a><\/p>\n<p><a href=\"https:\/\/www.speckmarschall.de\/wcon\/wp-content\/uploads\/2019\/02\/IMG_7823.jpg\"><img loading=\"lazy\" decoding=\"async\" class=\"alignnone size-large wp-image-4404\" src=\"https:\/\/www.speckmarschall.de\/wcon\/wp-content\/uploads\/2019\/02\/IMG_7823-683x1024.jpg\" alt=\"\" width=\"474\" height=\"711\" srcset=\"https:\/\/www.speckmarschall.de\/wcon\/wp-content\/uploads\/2019\/02\/IMG_7823-683x1024.jpg 683w, https:\/\/www.speckmarschall.de\/wcon\/wp-content\/uploads\/2019\/02\/IMG_7823-200x300.jpg 200w, https:\/\/www.speckmarschall.de\/wcon\/wp-content\/uploads\/2019\/02\/IMG_7823-768x1152.jpg 768w\" sizes=\"auto, (max-width: 474px) 100vw, 474px\" \/><\/a><\/p>\n<p><a href=\"https:\/\/www.speckmarschall.de\/wcon\/wp-content\/uploads\/2019\/02\/I-Max-2000-CB-Funk.jpg\"><img loading=\"lazy\" decoding=\"async\" class=\"alignnone  wp-image-4403\" src=\"https:\/\/www.speckmarschall.de\/wcon\/wp-content\/uploads\/2019\/02\/I-Max-2000-CB-Funk-319x1024.jpg\" alt=\"\" width=\"116\" height=\"373\" srcset=\"https:\/\/www.speckmarschall.de\/wcon\/wp-content\/uploads\/2019\/02\/I-Max-2000-CB-Funk-319x1024.jpg 319w, https:\/\/www.speckmarschall.de\/wcon\/wp-content\/uploads\/2019\/02\/I-Max-2000-CB-Funk-93x300.jpg 93w, https:\/\/www.speckmarschall.de\/wcon\/wp-content\/uploads\/2019\/02\/I-Max-2000-CB-Funk-768x2466.jpg 768w, https:\/\/www.speckmarschall.de\/wcon\/wp-content\/uploads\/2019\/02\/I-Max-2000-CB-Funk.jpg 865w\" sizes=\"auto, (max-width: 116px) 100vw, 116px\" \/><\/a>\u00a0 <a href=\"https:\/\/www.speckmarschall.de\/wcon\/wp-content\/uploads\/2019\/02\/CB-Funk-Papagei-Weinsheim-Warnamt-Repeater-Kreuznach.jpg\"><img loading=\"lazy\" decoding=\"async\" class=\"alignnone  wp-image-4402\" src=\"https:\/\/www.speckmarschall.de\/wcon\/wp-content\/uploads\/2019\/02\/CB-Funk-Papagei-Weinsheim-Warnamt-Repeater-Kreuznach-957x1024.jpg\" alt=\"\" width=\"351\" height=\"375\" srcset=\"https:\/\/www.speckmarschall.de\/wcon\/wp-content\/uploads\/2019\/02\/CB-Funk-Papagei-Weinsheim-Warnamt-Repeater-Kreuznach-957x1024.jpg 957w, https:\/\/www.speckmarschall.de\/wcon\/wp-content\/uploads\/2019\/02\/CB-Funk-Papagei-Weinsheim-Warnamt-Repeater-Kreuznach-281x300.jpg 281w, https:\/\/www.speckmarschall.de\/wcon\/wp-content\/uploads\/2019\/02\/CB-Funk-Papagei-Weinsheim-Warnamt-Repeater-Kreuznach-768x821.jpg 768w\" sizes=\"auto, (max-width: 351px) 100vw, 351px\" \/><\/a><\/p>\n<p><a href=\"https:\/\/www.speckmarschall.de\/wcon\/wp-content\/uploads\/2019\/02\/CB-Funk-Papagei-Weinsheim-Imax2000.jpg\"><img loading=\"lazy\" decoding=\"async\" class=\"alignnone size-large wp-image-4401\" src=\"https:\/\/www.speckmarschall.de\/wcon\/wp-content\/uploads\/2019\/02\/CB-Funk-Papagei-Weinsheim-Imax2000-1024x832.jpg\" alt=\"\" width=\"474\" height=\"385\" srcset=\"https:\/\/www.speckmarschall.de\/wcon\/wp-content\/uploads\/2019\/02\/CB-Funk-Papagei-Weinsheim-Imax2000-1024x832.jpg 1024w, https:\/\/www.speckmarschall.de\/wcon\/wp-content\/uploads\/2019\/02\/CB-Funk-Papagei-Weinsheim-Imax2000-300x244.jpg 300w, https:\/\/www.speckmarschall.de\/wcon\/wp-content\/uploads\/2019\/02\/CB-Funk-Papagei-Weinsheim-Imax2000-768x624.jpg 768w\" sizes=\"auto, (max-width: 474px) 100vw, 474px\" \/><\/a><\/p>\n<p>\u00a0<\/p>\n<p>Impressionen aus dem Bunker des Warnamts VII<\/p>\n<p><a href=\"https:\/\/www.speckmarschall.de\/wcon\/wp-content\/uploads\/2019\/02\/IMG_0763.jpg\"><img loading=\"lazy\" decoding=\"async\" class=\"alignnone  wp-image-4422\" src=\"https:\/\/www.speckmarschall.de\/wcon\/wp-content\/uploads\/2019\/02\/IMG_0763-1024x768.jpg\" alt=\"\" width=\"126\" height=\"94\" srcset=\"https:\/\/www.speckmarschall.de\/wcon\/wp-content\/uploads\/2019\/02\/IMG_0763-1024x768.jpg 1024w, https:\/\/www.speckmarschall.de\/wcon\/wp-content\/uploads\/2019\/02\/IMG_0763-300x225.jpg 300w, https:\/\/www.speckmarschall.de\/wcon\/wp-content\/uploads\/2019\/02\/IMG_0763-768x576.jpg 768w, https:\/\/www.speckmarschall.de\/wcon\/wp-content\/uploads\/2019\/02\/IMG_0763.jpg 1944w\" sizes=\"auto, (max-width: 126px) 100vw, 126px\" \/>\u00a0<\/a><a href=\"https:\/\/www.speckmarschall.de\/wcon\/wp-content\/uploads\/2019\/02\/IMG_0766.jpg\"><img loading=\"lazy\" decoding=\"async\" class=\"alignnone  wp-image-4423\" src=\"https:\/\/www.speckmarschall.de\/wcon\/wp-content\/uploads\/2019\/02\/IMG_0766-768x1024.jpg\" alt=\"\" width=\"71\" height=\"94\" srcset=\"https:\/\/www.speckmarschall.de\/wcon\/wp-content\/uploads\/2019\/02\/IMG_0766-768x1024.jpg 768w, https:\/\/www.speckmarschall.de\/wcon\/wp-content\/uploads\/2019\/02\/IMG_0766-225x300.jpg 225w, https:\/\/www.speckmarschall.de\/wcon\/wp-content\/uploads\/2019\/02\/IMG_0766.jpg 1458w\" sizes=\"auto, (max-width: 71px) 100vw, 71px\" \/><\/a><a href=\"https:\/\/www.speckmarschall.de\/wcon\/wp-content\/uploads\/2019\/02\/IMG_0769.jpg\">\u00a0<img loading=\"lazy\" decoding=\"async\" class=\"alignnone  wp-image-4424\" src=\"https:\/\/www.speckmarschall.de\/wcon\/wp-content\/uploads\/2019\/02\/IMG_0769-1024x768.jpg\" alt=\"\" width=\"123\" height=\"93\" srcset=\"https:\/\/www.speckmarschall.de\/wcon\/wp-content\/uploads\/2019\/02\/IMG_0769-1024x768.jpg 1024w, https:\/\/www.speckmarschall.de\/wcon\/wp-content\/uploads\/2019\/02\/IMG_0769-300x225.jpg 300w, https:\/\/www.speckmarschall.de\/wcon\/wp-content\/uploads\/2019\/02\/IMG_0769-768x576.jpg 768w, https:\/\/www.speckmarschall.de\/wcon\/wp-content\/uploads\/2019\/02\/IMG_0769.jpg 1944w\" sizes=\"auto, (max-width: 123px) 100vw, 123px\" \/>\u00a0<\/a><a href=\"https:\/\/www.speckmarschall.de\/wcon\/wp-content\/uploads\/2019\/02\/IMG_0782.jpg\"><img loading=\"lazy\" decoding=\"async\" class=\"alignnone  wp-image-4425\" src=\"https:\/\/www.speckmarschall.de\/wcon\/wp-content\/uploads\/2019\/02\/IMG_0782-1024x768.jpg\" alt=\"\" width=\"121\" height=\"91\" srcset=\"https:\/\/www.speckmarschall.de\/wcon\/wp-content\/uploads\/2019\/02\/IMG_0782-1024x768.jpg 1024w, https:\/\/www.speckmarschall.de\/wcon\/wp-content\/uploads\/2019\/02\/IMG_0782-300x225.jpg 300w, https:\/\/www.speckmarschall.de\/wcon\/wp-content\/uploads\/2019\/02\/IMG_0782-768x576.jpg 768w, https:\/\/www.speckmarschall.de\/wcon\/wp-content\/uploads\/2019\/02\/IMG_0782.jpg 1944w\" sizes=\"auto, (max-width: 121px) 100vw, 121px\" \/><\/a><a href=\"https:\/\/www.speckmarschall.de\/wcon\/wp-content\/uploads\/2019\/02\/IMG_0791.jpg\"><img loading=\"lazy\" decoding=\"async\" class=\"alignnone  wp-image-4426\" src=\"https:\/\/www.speckmarschall.de\/wcon\/wp-content\/uploads\/2019\/02\/IMG_0791-1024x768.jpg\" alt=\"\" width=\"149\" height=\"112\" srcset=\"https:\/\/www.speckmarschall.de\/wcon\/wp-content\/uploads\/2019\/02\/IMG_0791-1024x768.jpg 1024w, https:\/\/www.speckmarschall.de\/wcon\/wp-content\/uploads\/2019\/02\/IMG_0791-300x225.jpg 300w, https:\/\/www.speckmarschall.de\/wcon\/wp-content\/uploads\/2019\/02\/IMG_0791-768x576.jpg 768w, https:\/\/www.speckmarschall.de\/wcon\/wp-content\/uploads\/2019\/02\/IMG_0791.jpg 1944w\" sizes=\"auto, (max-width: 149px) 100vw, 149px\" \/><\/a> <a href=\"https:\/\/www.speckmarschall.de\/wcon\/wp-content\/uploads\/2019\/02\/IMG_0795.jpg\"><img loading=\"lazy\" decoding=\"async\" class=\"alignnone  wp-image-4427\" src=\"https:\/\/www.speckmarschall.de\/wcon\/wp-content\/uploads\/2019\/02\/IMG_0795-1024x768.jpg\" alt=\"\" width=\"147\" height=\"110\" srcset=\"https:\/\/www.speckmarschall.de\/wcon\/wp-content\/uploads\/2019\/02\/IMG_0795-1024x768.jpg 1024w, https:\/\/www.speckmarschall.de\/wcon\/wp-content\/uploads\/2019\/02\/IMG_0795-300x225.jpg 300w, https:\/\/www.speckmarschall.de\/wcon\/wp-content\/uploads\/2019\/02\/IMG_0795-768x576.jpg 768w, https:\/\/www.speckmarschall.de\/wcon\/wp-content\/uploads\/2019\/02\/IMG_0795.jpg 1944w\" sizes=\"auto, (max-width: 147px) 100vw, 147px\" \/>\u00a0<\/a><a href=\"https:\/\/www.speckmarschall.de\/wcon\/wp-content\/uploads\/2019\/02\/IMG_0801.jpg\"><img loading=\"lazy\" decoding=\"async\" class=\"alignnone  wp-image-4428\" src=\"https:\/\/www.speckmarschall.de\/wcon\/wp-content\/uploads\/2019\/02\/IMG_0801-1024x768.jpg\" alt=\"\" width=\"148\" height=\"111\" srcset=\"https:\/\/www.speckmarschall.de\/wcon\/wp-content\/uploads\/2019\/02\/IMG_0801-1024x768.jpg 1024w, https:\/\/www.speckmarschall.de\/wcon\/wp-content\/uploads\/2019\/02\/IMG_0801-300x225.jpg 300w, https:\/\/www.speckmarschall.de\/wcon\/wp-content\/uploads\/2019\/02\/IMG_0801-768x576.jpg 768w, https:\/\/www.speckmarschall.de\/wcon\/wp-content\/uploads\/2019\/02\/IMG_0801.jpg 1944w\" sizes=\"auto, (max-width: 148px) 100vw, 148px\" \/><\/a><a href=\"https:\/\/www.speckmarschall.de\/wcon\/wp-content\/uploads\/2019\/02\/IMG_0804.jpg\"><img loading=\"lazy\" decoding=\"async\" class=\"alignnone  wp-image-4429\" src=\"https:\/\/www.speckmarschall.de\/wcon\/wp-content\/uploads\/2019\/02\/IMG_0804-1024x768.jpg\" alt=\"\" width=\"147\" height=\"110\" srcset=\"https:\/\/www.speckmarschall.de\/wcon\/wp-content\/uploads\/2019\/02\/IMG_0804-1024x768.jpg 1024w, https:\/\/www.speckmarschall.de\/wcon\/wp-content\/uploads\/2019\/02\/IMG_0804-300x225.jpg 300w, https:\/\/www.speckmarschall.de\/wcon\/wp-content\/uploads\/2019\/02\/IMG_0804-768x576.jpg 768w, https:\/\/www.speckmarschall.de\/wcon\/wp-content\/uploads\/2019\/02\/IMG_0804.jpg 1944w\" sizes=\"auto, (max-width: 147px) 100vw, 147px\" \/><\/a> <a href=\"https:\/\/www.speckmarschall.de\/wcon\/wp-content\/uploads\/2019\/02\/IMG_0807.jpg\"><img loading=\"lazy\" decoding=\"async\" class=\"alignnone  wp-image-4430\" src=\"https:\/\/www.speckmarschall.de\/wcon\/wp-content\/uploads\/2019\/02\/IMG_0807-1024x768.jpg\" alt=\"\" width=\"148\" height=\"111\" srcset=\"https:\/\/www.speckmarschall.de\/wcon\/wp-content\/uploads\/2019\/02\/IMG_0807-1024x768.jpg 1024w, https:\/\/www.speckmarschall.de\/wcon\/wp-content\/uploads\/2019\/02\/IMG_0807-300x225.jpg 300w, https:\/\/www.speckmarschall.de\/wcon\/wp-content\/uploads\/2019\/02\/IMG_0807-768x576.jpg 768w, https:\/\/www.speckmarschall.de\/wcon\/wp-content\/uploads\/2019\/02\/IMG_0807.jpg 1944w\" sizes=\"auto, (max-width: 148px) 100vw, 148px\" \/><\/a><a href=\"https:\/\/www.speckmarschall.de\/wcon\/wp-content\/uploads\/2019\/02\/IMG_0813.jpg\">\u00a0<img loading=\"lazy\" decoding=\"async\" class=\"alignnone  wp-image-4431\" src=\"https:\/\/www.speckmarschall.de\/wcon\/wp-content\/uploads\/2019\/02\/IMG_0813-1024x768.jpg\" alt=\"\" width=\"148\" height=\"111\" srcset=\"https:\/\/www.speckmarschall.de\/wcon\/wp-content\/uploads\/2019\/02\/IMG_0813-1024x768.jpg 1024w, https:\/\/www.speckmarschall.de\/wcon\/wp-content\/uploads\/2019\/02\/IMG_0813-300x225.jpg 300w, https:\/\/www.speckmarschall.de\/wcon\/wp-content\/uploads\/2019\/02\/IMG_0813-768x576.jpg 768w, https:\/\/www.speckmarschall.de\/wcon\/wp-content\/uploads\/2019\/02\/IMG_0813.jpg 1944w\" sizes=\"auto, (max-width: 148px) 100vw, 148px\" \/><\/a><a href=\"https:\/\/www.speckmarschall.de\/wcon\/wp-content\/uploads\/2019\/02\/IMG_0817.jpg\"><img loading=\"lazy\" decoding=\"async\" class=\"alignnone  wp-image-4432\" src=\"https:\/\/www.speckmarschall.de\/wcon\/wp-content\/uploads\/2019\/02\/IMG_0817-1024x768.jpg\" alt=\"\" width=\"146\" height=\"110\" srcset=\"https:\/\/www.speckmarschall.de\/wcon\/wp-content\/uploads\/2019\/02\/IMG_0817-1024x768.jpg 1024w, https:\/\/www.speckmarschall.de\/wcon\/wp-content\/uploads\/2019\/02\/IMG_0817-300x225.jpg 300w, https:\/\/www.speckmarschall.de\/wcon\/wp-content\/uploads\/2019\/02\/IMG_0817-768x576.jpg 768w, https:\/\/www.speckmarschall.de\/wcon\/wp-content\/uploads\/2019\/02\/IMG_0817.jpg 1944w\" sizes=\"auto, (max-width: 146px) 100vw, 146px\" \/>\u00a0<\/a><a href=\"https:\/\/www.speckmarschall.de\/wcon\/wp-content\/uploads\/2019\/02\/IMG_0819.jpg\"><img loading=\"lazy\" decoding=\"async\" class=\"alignnone  wp-image-4433\" src=\"https:\/\/www.speckmarschall.de\/wcon\/wp-content\/uploads\/2019\/02\/IMG_0819-1024x768.jpg\" alt=\"\" width=\"147\" height=\"111\" srcset=\"https:\/\/www.speckmarschall.de\/wcon\/wp-content\/uploads\/2019\/02\/IMG_0819-1024x768.jpg 1024w, https:\/\/www.speckmarschall.de\/wcon\/wp-content\/uploads\/2019\/02\/IMG_0819-300x225.jpg 300w, https:\/\/www.speckmarschall.de\/wcon\/wp-content\/uploads\/2019\/02\/IMG_0819-768x576.jpg 768w, https:\/\/www.speckmarschall.de\/wcon\/wp-content\/uploads\/2019\/02\/IMG_0819.jpg 1944w\" sizes=\"auto, (max-width: 147px) 100vw, 147px\" \/><\/a> <a href=\"https:\/\/www.speckmarschall.de\/wcon\/wp-content\/uploads\/2019\/02\/IMG_0825.jpg\"><img loading=\"lazy\" decoding=\"async\" class=\"alignnone  wp-image-4434\" src=\"https:\/\/www.speckmarschall.de\/wcon\/wp-content\/uploads\/2019\/02\/IMG_0825-1024x768.jpg\" alt=\"\" width=\"147\" height=\"111\" srcset=\"https:\/\/www.speckmarschall.de\/wcon\/wp-content\/uploads\/2019\/02\/IMG_0825-1024x768.jpg 1024w, https:\/\/www.speckmarschall.de\/wcon\/wp-content\/uploads\/2019\/02\/IMG_0825-300x225.jpg 300w, https:\/\/www.speckmarschall.de\/wcon\/wp-content\/uploads\/2019\/02\/IMG_0825-768x576.jpg 768w, https:\/\/www.speckmarschall.de\/wcon\/wp-content\/uploads\/2019\/02\/IMG_0825.jpg 1944w\" sizes=\"auto, (max-width: 147px) 100vw, 147px\" \/><\/a><a href=\"https:\/\/www.speckmarschall.de\/wcon\/wp-content\/uploads\/2019\/02\/IMG_0827.jpg\"><img loading=\"lazy\" decoding=\"async\" class=\"alignnone  wp-image-4435\" src=\"https:\/\/www.speckmarschall.de\/wcon\/wp-content\/uploads\/2019\/02\/IMG_0827-1024x768.jpg\" alt=\"\" width=\"148\" height=\"111\" srcset=\"https:\/\/www.speckmarschall.de\/wcon\/wp-content\/uploads\/2019\/02\/IMG_0827-1024x768.jpg 1024w, https:\/\/www.speckmarschall.de\/wcon\/wp-content\/uploads\/2019\/02\/IMG_0827-300x225.jpg 300w, https:\/\/www.speckmarschall.de\/wcon\/wp-content\/uploads\/2019\/02\/IMG_0827-768x576.jpg 768w, https:\/\/www.speckmarschall.de\/wcon\/wp-content\/uploads\/2019\/02\/IMG_0827.jpg 1944w\" sizes=\"auto, (max-width: 148px) 100vw, 148px\" \/>\u00a0<\/a><a href=\"https:\/\/www.speckmarschall.de\/wcon\/wp-content\/uploads\/2019\/02\/IMG_0831.jpg\"><img loading=\"lazy\" decoding=\"async\" class=\"alignnone  wp-image-4436\" src=\"https:\/\/www.speckmarschall.de\/wcon\/wp-content\/uploads\/2019\/02\/IMG_0831-1024x768.jpg\" alt=\"\" width=\"146\" height=\"110\" srcset=\"https:\/\/www.speckmarschall.de\/wcon\/wp-content\/uploads\/2019\/02\/IMG_0831-1024x768.jpg 1024w, https:\/\/www.speckmarschall.de\/wcon\/wp-content\/uploads\/2019\/02\/IMG_0831-300x225.jpg 300w, https:\/\/www.speckmarschall.de\/wcon\/wp-content\/uploads\/2019\/02\/IMG_0831-768x576.jpg 768w, https:\/\/www.speckmarschall.de\/wcon\/wp-content\/uploads\/2019\/02\/IMG_0831.jpg 1944w\" sizes=\"auto, (max-width: 146px) 100vw, 146px\" \/><\/a> <a href=\"https:\/\/www.speckmarschall.de\/wcon\/wp-content\/uploads\/2019\/02\/IMG_0832.jpg\"><img loading=\"lazy\" decoding=\"async\" class=\"alignnone  wp-image-4437\" src=\"https:\/\/www.speckmarschall.de\/wcon\/wp-content\/uploads\/2019\/02\/IMG_0832-1024x768.jpg\" alt=\"\" width=\"144\" height=\"108\" srcset=\"https:\/\/www.speckmarschall.de\/wcon\/wp-content\/uploads\/2019\/02\/IMG_0832-1024x768.jpg 1024w, https:\/\/www.speckmarschall.de\/wcon\/wp-content\/uploads\/2019\/02\/IMG_0832-300x225.jpg 300w, https:\/\/www.speckmarschall.de\/wcon\/wp-content\/uploads\/2019\/02\/IMG_0832-768x576.jpg 768w, https:\/\/www.speckmarschall.de\/wcon\/wp-content\/uploads\/2019\/02\/IMG_0832.jpg 1944w\" sizes=\"auto, (max-width: 144px) 100vw, 144px\" \/><\/a><br \/><a href=\"https:\/\/www.speckmarschall.de\/wcon\/wp-content\/uploads\/2019\/02\/IMG_0839.jpg\"><img loading=\"lazy\" decoding=\"async\" class=\"alignnone  wp-image-4438\" src=\"https:\/\/www.speckmarschall.de\/wcon\/wp-content\/uploads\/2019\/02\/IMG_0839-768x1024.jpg\" alt=\"\" width=\"101\" height=\"135\" srcset=\"https:\/\/www.speckmarschall.de\/wcon\/wp-content\/uploads\/2019\/02\/IMG_0839-768x1024.jpg 768w, https:\/\/www.speckmarschall.de\/wcon\/wp-content\/uploads\/2019\/02\/IMG_0839-225x300.jpg 225w, https:\/\/www.speckmarschall.de\/wcon\/wp-content\/uploads\/2019\/02\/IMG_0839.jpg 1458w\" sizes=\"auto, (max-width: 101px) 100vw, 101px\" \/><\/a> <a href=\"https:\/\/www.speckmarschall.de\/wcon\/wp-content\/uploads\/2019\/02\/IMG_0840.jpg\"><img loading=\"lazy\" decoding=\"async\" class=\"alignnone  wp-image-4439\" src=\"https:\/\/www.speckmarschall.de\/wcon\/wp-content\/uploads\/2019\/02\/IMG_0840-1024x768.jpg\" alt=\"\" width=\"179\" height=\"134\" srcset=\"https:\/\/www.speckmarschall.de\/wcon\/wp-content\/uploads\/2019\/02\/IMG_0840-1024x768.jpg 1024w, https:\/\/www.speckmarschall.de\/wcon\/wp-content\/uploads\/2019\/02\/IMG_0840-300x225.jpg 300w, https:\/\/www.speckmarschall.de\/wcon\/wp-content\/uploads\/2019\/02\/IMG_0840-768x576.jpg 768w, https:\/\/www.speckmarschall.de\/wcon\/wp-content\/uploads\/2019\/02\/IMG_0840.jpg 1944w\" sizes=\"auto, (max-width: 179px) 100vw, 179px\" \/><\/a><\/p>\n<p>\u00a0<\/p>\n<p>\u00a0<\/p>\n\n\n<p> weitere Informationen unter der Webpr\u00e4senz:<br><a href=\"http:\/\/www.repeater-kreuznach.de\/\" target=\"_blank\" rel=\"noreferrer noopener\" aria-label=\"\nhttp:\/\/www.repeater-kreuznach.de\/ (\u00f6ffnet in neuem Tab)\"><br>http:\/\/www.repeater-kreuznach.de\/<\/a><\/p>\n\n\n\n<p><br><\/p>\n","protected":false},"excerpt":{"rendered":"<p>CB-Funk \u2013 Sprachrepeater \u201ePapagei\u201c Weinsheim Maidenhead Locator: JN39vt 18AP Koordinaten: N 49.8276, E 7.7584 Betriebsort: Scholl\u00e4nderweg 10, 55595 Weinsheim, ehemaliges Warnamt VII (7) Weinsheim bei Bad Kreuznach, 229 m \u00fc. NHN. Frequenzbereich: 26,9875 MHz (Simplex) Betriebsart: F3E Kennung: 55595A Antennenanlage: Vertialstrahler 7,25m (I-Max 2000) | koaxiale gespeist |Gewinn: 5,8 dBi | Masth\u00f6he ca. 7m \u00fcber &hellip; <a href=\"https:\/\/www.speckmarschall.de\/?page_id=4393\" class=\"more-link\"><span class=\"screen-reader-text\">Sprachrepeater Papagei Weinsheim<\/span> weiterlesen <span class=\"meta-nav\">&rarr;<\/span><\/a><\/p>\n","protected":false},"author":2,"featured_media":0,"parent":0,"menu_order":0,"comment_status":"closed","ping_status":"closed","template":"","meta":{"footnotes":""},"class_list":["post-4393","page","type-page","status-publish","hentry"],"_links":{"self":[{"href":"https:\/\/www.speckmarschall.de\/index.php?rest_route=\/wp\/v2\/pages\/4393","targetHints":{"allow":["GET"]}}],"collection":[{"href":"https:\/\/www.speckmarschall.de\/index.php?rest_route=\/wp\/v2\/pages"}],"about":[{"href":"https:\/\/www.speckmarschall.de\/index.php?rest_route=\/wp\/v2\/types\/page"}],"author":[{"embeddable":true,"href":"https:\/\/www.speckmarschall.de\/index.php?rest_route=\/wp\/v2\/users\/2"}],"replies":[{"embeddable":true,"href":"https:\/\/www.speckmarschall.de\/index.php?rest_route=%2Fwp%2Fv2%2Fcomments&post=4393"}],"version-history":[{"count":17,"href":"https:\/\/www.speckmarschall.de\/index.php?rest_route=\/wp\/v2\/pages\/4393\/revisions"}],"predecessor-version":[{"id":4451,"href":"https:\/\/www.speckmarschall.de\/index.php?rest_route=\/wp\/v2\/pages\/4393\/revisions\/4451"}],"wp:attachment":[{"href":"https:\/\/www.speckmarschall.de\/index.php?rest_route=%2Fwp%2Fv2%2Fmedia&parent=4393"}],"curies":[{"name":"wp","href":"https:\/\/api.w.org\/{rel}","templated":true}]}}