{"id":511,"date":"2015-07-19T16:33:22","date_gmt":"2015-07-19T14:33:22","guid":{"rendered":"https:\/\/www.speckmarschall.de\/?page_id=511"},"modified":"2016-10-27T07:42:22","modified_gmt":"2016-10-27T05:42:22","slug":"db0np","status":"publish","type":"page","link":"https:\/\/www.speckmarschall.de\/?page_id=511","title":{"rendered":"DB0NP &#8211; Steinsberg"},"content":{"rendered":"<h3>Relaisfunkstelle Burg Steinsberg, DB0NP<\/h3>\n<ul>\n<li style=\"text-align: justify;\">Koordinaten: N\u00a0<span style=\"font-family: arial; font-size: medium;\"><span style=\"font-family: arial; font-size: medium;\">49.2144<\/span> <\/span>, E\u00a0<span style=\"font-family: arial; font-size: medium;\">8.8772<\/span><\/li>\n<li style=\"text-align: justify;\">Maidenhead Locator: <span style=\"font-family: arial; font-size: medium;\">JN49kf<\/span><\/li>\n<li>Standort: Burg Steinsberg, Weiler bei Sinsheim<br \/>\n333 m \u00fc. NHN; ca 225 m \u00fcber der Rheinebene<\/li>\n<li>Antennenh\u00f6he: 33 m Bergfried + 5 m Mastausleger<\/li>\n<li>Frequenz: UHF 439,150 MHz -7,6MHz Ablage<\/li>\n<li>Echolink: EL#271607 D67<\/li>\n<li>Rufzeicheninhaber: Peter Baumann, DC8NF<\/li>\n<\/ul>\n<p><iframe loading=\"lazy\" src=\"https:\/\/www.speckmarschall.de\/bier\/DB0NP.html\" width=\"600\" height=\"450\" frameborder=\"0\"><\/iframe><\/p>\n<p>Die Relaisfunkstelle DB0NP befindet sich auf der Burg Steinsberg neben dem Ort Weiler im Kreis Sinsheim. Die Burg Steinsberg thront auf einem ehemaligen Vulkan und bildet mit seinem Bergfried den h\u00f6chsten Punkt im Kraichgau.<br \/>\nDie teilrestaurierte H\u00f6henburg beherbergt neben der Relaisfunkstelle DB0NP auch mehrere BOS-Relais.<\/p>\n<p><a href=\"https:\/\/www.speckmarschall.de\/wcon\/wp-content\/uploads\/2015\/07\/k-_MG_8392.jpg\"><img loading=\"lazy\" decoding=\"async\" class=\"alignnone wp-image-512 size-full\" src=\"https:\/\/www.speckmarschall.de\/wcon\/wp-content\/uploads\/2015\/07\/k-_MG_8392.jpg\" alt=\"k-_MG_8392\" width=\"1280\" height=\"853\" srcset=\"https:\/\/www.speckmarschall.de\/wcon\/wp-content\/uploads\/2015\/07\/k-_MG_8392.jpg 1280w, https:\/\/www.speckmarschall.de\/wcon\/wp-content\/uploads\/2015\/07\/k-_MG_8392-300x200.jpg 300w, https:\/\/www.speckmarschall.de\/wcon\/wp-content\/uploads\/2015\/07\/k-_MG_8392-1024x682.jpg 1024w\" sizes=\"auto, (max-width: 1280px) 100vw, 1280px\" \/><\/a><\/p>\n<p>Der Burgturm ist tags\u00fcber ge\u00f6ffnet und kann f\u00fcr ein Entgeld von 1\u20ac f\u00fcr Erwachsene und 0,50\u20ac f\u00fcr Kinder besichtigt werden.<a href=\"https:\/\/www.speckmarschall.de\/wcon\/wp-content\/uploads\/2015\/07\/k-IMG_8414.jpg\"><img loading=\"lazy\" decoding=\"async\" class=\"alignnone wp-image-513\" src=\"https:\/\/www.speckmarschall.de\/wcon\/wp-content\/uploads\/2015\/07\/k-IMG_8414.jpg\" alt=\"k-IMG_8414\" width=\"233\" height=\"350\" srcset=\"https:\/\/www.speckmarschall.de\/wcon\/wp-content\/uploads\/2015\/07\/k-IMG_8414.jpg 853w, https:\/\/www.speckmarschall.de\/wcon\/wp-content\/uploads\/2015\/07\/k-IMG_8414-200x300.jpg 200w, https:\/\/www.speckmarschall.de\/wcon\/wp-content\/uploads\/2015\/07\/k-IMG_8414-682x1024.jpg 682w\" sizes=\"auto, (max-width: 233px) 100vw, 233px\" \/><\/a> <a href=\"https:\/\/www.speckmarschall.de\/wcon\/wp-content\/uploads\/2015\/07\/k-IMG_8415.jpg\"><img loading=\"lazy\" decoding=\"async\" class=\"alignnone wp-image-514\" src=\"https:\/\/www.speckmarschall.de\/wcon\/wp-content\/uploads\/2015\/07\/k-IMG_8415.jpg\" alt=\"k-IMG_8415\" width=\"233\" height=\"350\" srcset=\"https:\/\/www.speckmarschall.de\/wcon\/wp-content\/uploads\/2015\/07\/k-IMG_8415.jpg 853w, https:\/\/www.speckmarschall.de\/wcon\/wp-content\/uploads\/2015\/07\/k-IMG_8415-200x300.jpg 200w, https:\/\/www.speckmarschall.de\/wcon\/wp-content\/uploads\/2015\/07\/k-IMG_8415-682x1024.jpg 682w\" sizes=\"auto, (max-width: 233px) 100vw, 233px\" \/><\/a><\/p>\n<p><a href=\"https:\/\/www.speckmarschall.de\/wcon\/wp-content\/uploads\/2015\/07\/k-IMG_8418.jpg\"><img loading=\"lazy\" decoding=\"async\" class=\"alignnone wp-image-515\" src=\"https:\/\/www.speckmarschall.de\/wcon\/wp-content\/uploads\/2015\/07\/k-IMG_8418.jpg\" alt=\"k-IMG_8418\" width=\"320\" height=\"213\" srcset=\"https:\/\/www.speckmarschall.de\/wcon\/wp-content\/uploads\/2015\/07\/k-IMG_8418.jpg 1280w, https:\/\/www.speckmarschall.de\/wcon\/wp-content\/uploads\/2015\/07\/k-IMG_8418-300x200.jpg 300w, https:\/\/www.speckmarschall.de\/wcon\/wp-content\/uploads\/2015\/07\/k-IMG_8418-1024x682.jpg 1024w\" sizes=\"auto, (max-width: 320px) 100vw, 320px\" \/><\/a> <a href=\"https:\/\/www.speckmarschall.de\/wcon\/wp-content\/uploads\/2015\/07\/k-IMG_8421.jpg\"><img loading=\"lazy\" decoding=\"async\" class=\"alignnone wp-image-516\" src=\"https:\/\/www.speckmarschall.de\/wcon\/wp-content\/uploads\/2015\/07\/k-IMG_8421.jpg\" alt=\"k-IMG_8421\" width=\"142\" height=\"214\" srcset=\"https:\/\/www.speckmarschall.de\/wcon\/wp-content\/uploads\/2015\/07\/k-IMG_8421.jpg 853w, https:\/\/www.speckmarschall.de\/wcon\/wp-content\/uploads\/2015\/07\/k-IMG_8421-200x300.jpg 200w, https:\/\/www.speckmarschall.de\/wcon\/wp-content\/uploads\/2015\/07\/k-IMG_8421-682x1024.jpg 682w\" sizes=\"auto, (max-width: 142px) 100vw, 142px\" \/><\/a><\/p>\n<p><a href=\"https:\/\/www.speckmarschall.de\/wcon\/wp-content\/uploads\/2015\/07\/k-IMG_8424.jpg\"><img loading=\"lazy\" decoding=\"async\" class=\"alignnone wp-image-518\" src=\"https:\/\/www.speckmarschall.de\/wcon\/wp-content\/uploads\/2015\/07\/k-IMG_8424.jpg\" alt=\"k-IMG_8424\" width=\"141\" height=\"212\" srcset=\"https:\/\/www.speckmarschall.de\/wcon\/wp-content\/uploads\/2015\/07\/k-IMG_8424.jpg 853w, https:\/\/www.speckmarschall.de\/wcon\/wp-content\/uploads\/2015\/07\/k-IMG_8424-200x300.jpg 200w, https:\/\/www.speckmarschall.de\/wcon\/wp-content\/uploads\/2015\/07\/k-IMG_8424-682x1024.jpg 682w\" sizes=\"auto, (max-width: 141px) 100vw, 141px\" \/><\/a> <a href=\"https:\/\/www.speckmarschall.de\/wcon\/wp-content\/uploads\/2015\/07\/k-IMG_8422.jpg\"><img loading=\"lazy\" decoding=\"async\" class=\"alignnone wp-image-517\" src=\"https:\/\/www.speckmarschall.de\/wcon\/wp-content\/uploads\/2015\/07\/k-IMG_8422.jpg\" alt=\"k-IMG_8422\" width=\"317\" height=\"212\" srcset=\"https:\/\/www.speckmarschall.de\/wcon\/wp-content\/uploads\/2015\/07\/k-IMG_8422.jpg 1280w, https:\/\/www.speckmarschall.de\/wcon\/wp-content\/uploads\/2015\/07\/k-IMG_8422-300x200.jpg 300w, https:\/\/www.speckmarschall.de\/wcon\/wp-content\/uploads\/2015\/07\/k-IMG_8422-1024x682.jpg 1024w\" sizes=\"auto, (max-width: 317px) 100vw, 317px\" \/><\/a><\/p>\n<p><a href=\"https:\/\/www.speckmarschall.de\/wcon\/wp-content\/uploads\/2015\/07\/k-IMG_8429.jpg\"><img loading=\"lazy\" decoding=\"async\" class=\"alignnone wp-image-519\" src=\"https:\/\/www.speckmarschall.de\/wcon\/wp-content\/uploads\/2015\/07\/k-IMG_8429.jpg\" alt=\"k-IMG_8429\" width=\"466\" height=\"700\" srcset=\"https:\/\/www.speckmarschall.de\/wcon\/wp-content\/uploads\/2015\/07\/k-IMG_8429.jpg 853w, https:\/\/www.speckmarschall.de\/wcon\/wp-content\/uploads\/2015\/07\/k-IMG_8429-200x300.jpg 200w, https:\/\/www.speckmarschall.de\/wcon\/wp-content\/uploads\/2015\/07\/k-IMG_8429-682x1024.jpg 682w\" sizes=\"auto, (max-width: 466px) 100vw, 466px\" \/><\/a><\/p>\n<p><a href=\"https:\/\/www.speckmarschall.de\/wcon\/wp-content\/uploads\/2015\/07\/k-IMG_8443.jpg\"><img loading=\"lazy\" decoding=\"async\" class=\"alignnone wp-image-520\" src=\"https:\/\/www.speckmarschall.de\/wcon\/wp-content\/uploads\/2015\/07\/k-IMG_8443.jpg\" alt=\"k-IMG_8443\" width=\"319\" height=\"212\" srcset=\"https:\/\/www.speckmarschall.de\/wcon\/wp-content\/uploads\/2015\/07\/k-IMG_8443.jpg 1280w, https:\/\/www.speckmarschall.de\/wcon\/wp-content\/uploads\/2015\/07\/k-IMG_8443-300x200.jpg 300w, https:\/\/www.speckmarschall.de\/wcon\/wp-content\/uploads\/2015\/07\/k-IMG_8443-1024x682.jpg 1024w\" sizes=\"auto, (max-width: 319px) 100vw, 319px\" \/><\/a> <img loading=\"lazy\" decoding=\"async\" class=\"alignnone wp-image-521\" src=\"https:\/\/www.speckmarschall.de\/wcon\/wp-content\/uploads\/2015\/07\/k-IMG_8500.jpg\" alt=\"k-IMG_8500\" width=\"143\" height=\"215\" srcset=\"https:\/\/www.speckmarschall.de\/wcon\/wp-content\/uploads\/2015\/07\/k-IMG_8500.jpg 853w, https:\/\/www.speckmarschall.de\/wcon\/wp-content\/uploads\/2015\/07\/k-IMG_8500-200x300.jpg 200w, https:\/\/www.speckmarschall.de\/wcon\/wp-content\/uploads\/2015\/07\/k-IMG_8500-682x1024.jpg 682w\" sizes=\"auto, (max-width: 143px) 100vw, 143px\" \/><\/p>\n<p>Unter der Aussichtsplattform befindet sich gut zug\u00e4nglich die Relaisfunkstelle<br \/>\n<a href=\"https:\/\/www.speckmarschall.de\/wcon\/wp-content\/uploads\/2015\/07\/k-IMG_8506.jpg\"><img loading=\"lazy\" decoding=\"async\" class=\"alignnone wp-image-522\" src=\"https:\/\/www.speckmarschall.de\/wcon\/wp-content\/uploads\/2015\/07\/k-IMG_8506.jpg\" alt=\"k-IMG_8506\" width=\"154\" height=\"232\" srcset=\"https:\/\/www.speckmarschall.de\/wcon\/wp-content\/uploads\/2015\/07\/k-IMG_8506.jpg 853w, https:\/\/www.speckmarschall.de\/wcon\/wp-content\/uploads\/2015\/07\/k-IMG_8506-200x300.jpg 200w, https:\/\/www.speckmarschall.de\/wcon\/wp-content\/uploads\/2015\/07\/k-IMG_8506-682x1024.jpg 682w\" sizes=\"auto, (max-width: 154px) 100vw, 154px\" \/><\/a> <img loading=\"lazy\" decoding=\"async\" class=\"alignnone wp-image-523\" src=\"https:\/\/www.speckmarschall.de\/wcon\/wp-content\/uploads\/2015\/07\/k-IMG_8507.jpg\" alt=\"k-IMG_8507\" width=\"153\" height=\"230\" srcset=\"https:\/\/www.speckmarschall.de\/wcon\/wp-content\/uploads\/2015\/07\/k-IMG_8507.jpg 853w, https:\/\/www.speckmarschall.de\/wcon\/wp-content\/uploads\/2015\/07\/k-IMG_8507-200x300.jpg 200w, https:\/\/www.speckmarschall.de\/wcon\/wp-content\/uploads\/2015\/07\/k-IMG_8507-682x1024.jpg 682w\" sizes=\"auto, (max-width: 153px) 100vw, 153px\" \/> <img loading=\"lazy\" decoding=\"async\" class=\"alignnone wp-image-524\" src=\"https:\/\/www.speckmarschall.de\/wcon\/wp-content\/uploads\/2015\/07\/k-IMG_8508.jpg\" alt=\"k-IMG_8508\" width=\"153\" height=\"230\" srcset=\"https:\/\/www.speckmarschall.de\/wcon\/wp-content\/uploads\/2015\/07\/k-IMG_8508.jpg 853w, https:\/\/www.speckmarschall.de\/wcon\/wp-content\/uploads\/2015\/07\/k-IMG_8508-200x300.jpg 200w, https:\/\/www.speckmarschall.de\/wcon\/wp-content\/uploads\/2015\/07\/k-IMG_8508-682x1024.jpg 682w\" sizes=\"auto, (max-width: 153px) 100vw, 153px\" \/><\/p>\n<p><a href=\"https:\/\/www.speckmarschall.de\/wcon\/wp-content\/uploads\/2015\/07\/k-IMG_8516.jpg\"><img loading=\"lazy\" decoding=\"async\" class=\"alignnone wp-image-526\" src=\"https:\/\/www.speckmarschall.de\/wcon\/wp-content\/uploads\/2015\/07\/k-IMG_8516.jpg\" alt=\"k-IMG_8516\" width=\"233\" height=\"155\" srcset=\"https:\/\/www.speckmarschall.de\/wcon\/wp-content\/uploads\/2015\/07\/k-IMG_8516.jpg 1280w, https:\/\/www.speckmarschall.de\/wcon\/wp-content\/uploads\/2015\/07\/k-IMG_8516-300x200.jpg 300w, https:\/\/www.speckmarschall.de\/wcon\/wp-content\/uploads\/2015\/07\/k-IMG_8516-1024x682.jpg 1024w\" sizes=\"auto, (max-width: 233px) 100vw, 233px\" \/><\/a> <a href=\"https:\/\/www.speckmarschall.de\/wcon\/wp-content\/uploads\/2015\/07\/k-IMG_8522.jpg\"><img loading=\"lazy\" decoding=\"async\" class=\"alignnone wp-image-527\" src=\"https:\/\/www.speckmarschall.de\/wcon\/wp-content\/uploads\/2015\/07\/k-IMG_8522.jpg\" alt=\"k-IMG_8522\" width=\"232\" height=\"155\" srcset=\"https:\/\/www.speckmarschall.de\/wcon\/wp-content\/uploads\/2015\/07\/k-IMG_8522.jpg 1280w, https:\/\/www.speckmarschall.de\/wcon\/wp-content\/uploads\/2015\/07\/k-IMG_8522-300x200.jpg 300w, https:\/\/www.speckmarschall.de\/wcon\/wp-content\/uploads\/2015\/07\/k-IMG_8522-1024x682.jpg 1024w\" sizes=\"auto, (max-width: 232px) 100vw, 232px\" \/><\/a><\/p>\n<p><a href=\"https:\/\/www.speckmarschall.de\/wcon\/wp-content\/uploads\/2015\/07\/k-IMG_8523.jpg\"><img loading=\"lazy\" decoding=\"async\" class=\"alignnone wp-image-528\" src=\"https:\/\/www.speckmarschall.de\/wcon\/wp-content\/uploads\/2015\/07\/k-IMG_8523.jpg\" alt=\"k-IMG_8523\" width=\"144\" height=\"216\" srcset=\"https:\/\/www.speckmarschall.de\/wcon\/wp-content\/uploads\/2015\/07\/k-IMG_8523.jpg 853w, https:\/\/www.speckmarschall.de\/wcon\/wp-content\/uploads\/2015\/07\/k-IMG_8523-200x300.jpg 200w, https:\/\/www.speckmarschall.de\/wcon\/wp-content\/uploads\/2015\/07\/k-IMG_8523-682x1024.jpg 682w\" sizes=\"auto, (max-width: 144px) 100vw, 144px\" \/><\/a> <a href=\"https:\/\/www.speckmarschall.de\/wcon\/wp-content\/uploads\/2015\/07\/k-IMG_8527.jpg\"><img loading=\"lazy\" decoding=\"async\" class=\"alignnone wp-image-529\" src=\"https:\/\/www.speckmarschall.de\/wcon\/wp-content\/uploads\/2015\/07\/k-IMG_8527.jpg\" alt=\"k-IMG_8527\" width=\"322\" height=\"215\" srcset=\"https:\/\/www.speckmarschall.de\/wcon\/wp-content\/uploads\/2015\/07\/k-IMG_8527.jpg 1280w, https:\/\/www.speckmarschall.de\/wcon\/wp-content\/uploads\/2015\/07\/k-IMG_8527-300x200.jpg 300w, https:\/\/www.speckmarschall.de\/wcon\/wp-content\/uploads\/2015\/07\/k-IMG_8527-1024x682.jpg 1024w\" sizes=\"auto, (max-width: 322px) 100vw, 322px\" \/><\/a><\/p>\n<p><a href=\"https:\/\/www.speckmarschall.de\/wcon\/wp-content\/uploads\/2015\/07\/Project2.jpg\"><img loading=\"lazy\" decoding=\"async\" class=\"alignnone wp-image-533 size-full\" src=\"https:\/\/www.speckmarschall.de\/wcon\/wp-content\/uploads\/2015\/07\/Project2.jpg\" alt=\"Project2\" width=\"5579\" height=\"885\" srcset=\"https:\/\/www.speckmarschall.de\/wcon\/wp-content\/uploads\/2015\/07\/Project2.jpg 5579w, https:\/\/www.speckmarschall.de\/wcon\/wp-content\/uploads\/2015\/07\/Project2-300x48.jpg 300w, https:\/\/www.speckmarschall.de\/wcon\/wp-content\/uploads\/2015\/07\/Project2-1024x162.jpg 1024w\" sizes=\"auto, (max-width: 5579px) 100vw, 5579px\" \/><\/a><\/p>\n<p><img loading=\"lazy\" decoding=\"async\" class=\"alignnone size-full wp-image-530\" src=\"https:\/\/www.speckmarschall.de\/wcon\/wp-content\/uploads\/2015\/07\/k-IMG_8528.jpg\" alt=\"k-IMG_8528\" width=\"1280\" height=\"853\" srcset=\"https:\/\/www.speckmarschall.de\/wcon\/wp-content\/uploads\/2015\/07\/k-IMG_8528.jpg 1280w, https:\/\/www.speckmarschall.de\/wcon\/wp-content\/uploads\/2015\/07\/k-IMG_8528-300x200.jpg 300w, https:\/\/www.speckmarschall.de\/wcon\/wp-content\/uploads\/2015\/07\/k-IMG_8528-1024x682.jpg 1024w\" sizes=\"auto, (max-width: 1280px) 100vw, 1280px\" \/><\/p>\n<p><a href=\"https:\/\/www.speckmarschall.de\/wcon\/wp-content\/uploads\/2015\/07\/DB0NP-Burg-Steinsberg.jpg\"><img loading=\"lazy\" decoding=\"async\" class=\"alignnone size-full wp-image-541\" src=\"https:\/\/www.speckmarschall.de\/wcon\/wp-content\/uploads\/2015\/07\/DB0NP-Burg-Steinsberg.jpg\" alt=\"DB0NP Burg Steinsberg\" width=\"4122\" height=\"2054\" srcset=\"https:\/\/www.speckmarschall.de\/wcon\/wp-content\/uploads\/2015\/07\/DB0NP-Burg-Steinsberg.jpg 4122w, https:\/\/www.speckmarschall.de\/wcon\/wp-content\/uploads\/2015\/07\/DB0NP-Burg-Steinsberg-300x149.jpg 300w, https:\/\/www.speckmarschall.de\/wcon\/wp-content\/uploads\/2015\/07\/DB0NP-Burg-Steinsberg-1024x510.jpg 1024w\" sizes=\"auto, (max-width: 4122px) 100vw, 4122px\" \/><\/a><\/p>\n<p><a href=\"https:\/\/www.speckmarschall.de\/wcon\/wp-content\/uploads\/2015\/07\/DB0NP.jpg\"><img loading=\"lazy\" decoding=\"async\" class=\"alignnone wp-image-539 size-full\" src=\"https:\/\/www.speckmarschall.de\/wcon\/wp-content\/uploads\/2015\/07\/DB0NP.jpg\" alt=\"DB0NP\" width=\"1400\" height=\"218\" srcset=\"https:\/\/www.speckmarschall.de\/wcon\/wp-content\/uploads\/2015\/07\/DB0NP.jpg 1400w, https:\/\/www.speckmarschall.de\/wcon\/wp-content\/uploads\/2015\/07\/DB0NP-300x47.jpg 300w, https:\/\/www.speckmarschall.de\/wcon\/wp-content\/uploads\/2015\/07\/DB0NP-1024x159.jpg 1024w\" sizes=\"auto, (max-width: 1400px) 100vw, 1400px\" \/><\/a><\/p>\n<p>Weiterf\u00fchrende Informationen unter:<br \/>\n<a href=\"http:\/\/www.darc.de\/uploads\/media\/2014_06_Arbeitseinsatz_Relais_01.pdf\" target=\"_blank\">http:\/\/www.darc.de\/uploads\/media\/2014_06_Arbeitseinsatz_Relais_01.pdf<\/a><\/p>\n<p><a href=\"https:\/\/de.wikipedia.org\/wiki\/Burg_Steinsberg\" target=\"_blank\">https:\/\/de.wikipedia.org\/wiki\/Burg_Steinsberg<\/a><\/p>\n<p><a href=\"http:\/\/www.darc.de\/distrikte\/a\/22\/relais\/\" target=\"_blank\">http:\/\/www.darc.de\/distrikte\/a\/22\/relais\/<\/a><\/p>\n<p><a href=\"http:\/\/www.burg-steinsberg.de\/\" target=\"_blank\">http:\/\/www.burg-steinsberg.de\/<\/a><\/p>\n<p style=\"text-align: right;\">\u00a0(ctz)<\/p>\n","protected":false},"excerpt":{"rendered":"<p>Relaisfunkstelle Burg Steinsberg, DB0NP Koordinaten: N\u00a049.2144 , E\u00a08.8772 Maidenhead Locator: JN49kf Standort: Burg Steinsberg, Weiler bei Sinsheim 333 m \u00fc. NHN; ca 225 m \u00fcber der Rheinebene Antennenh\u00f6he: 33 m Bergfried + 5 m Mastausleger Frequenz: UHF 439,150 MHz -7,6MHz Ablage Echolink: EL#271607 D67 Rufzeicheninhaber: Peter Baumann, DC8NF Die Relaisfunkstelle DB0NP befindet sich auf der &hellip; <a href=\"https:\/\/www.speckmarschall.de\/?page_id=511\" class=\"more-link\"><span class=\"screen-reader-text\">DB0NP &#8211; Steinsberg<\/span> weiterlesen <span class=\"meta-nav\">&rarr;<\/span><\/a><\/p>\n","protected":false},"author":2,"featured_media":0,"parent":1550,"menu_order":40,"comment_status":"closed","ping_status":"closed","template":"","meta":{"footnotes":""},"class_list":["post-511","page","type-page","status-publish","hentry"],"_links":{"self":[{"href":"https:\/\/www.speckmarschall.de\/index.php?rest_route=\/wp\/v2\/pages\/511","targetHints":{"allow":["GET"]}}],"collection":[{"href":"https:\/\/www.speckmarschall.de\/index.php?rest_route=\/wp\/v2\/pages"}],"about":[{"href":"https:\/\/www.speckmarschall.de\/index.php?rest_route=\/wp\/v2\/types\/page"}],"author":[{"embeddable":true,"href":"https:\/\/www.speckmarschall.de\/index.php?rest_route=\/wp\/v2\/users\/2"}],"replies":[{"embeddable":true,"href":"https:\/\/www.speckmarschall.de\/index.php?rest_route=%2Fwp%2Fv2%2Fcomments&post=511"}],"version-history":[{"count":20,"href":"https:\/\/www.speckmarschall.de\/index.php?rest_route=\/wp\/v2\/pages\/511\/revisions"}],"predecessor-version":[{"id":2670,"href":"https:\/\/www.speckmarschall.de\/index.php?rest_route=\/wp\/v2\/pages\/511\/revisions\/2670"}],"up":[{"embeddable":true,"href":"https:\/\/www.speckmarschall.de\/index.php?rest_route=\/wp\/v2\/pages\/1550"}],"wp:attachment":[{"href":"https:\/\/www.speckmarschall.de\/index.php?rest_route=%2Fwp%2Fv2%2Fmedia&parent=511"}],"curies":[{"name":"wp","href":"https:\/\/api.w.org\/{rel}","templated":true}]}}