{"id":968,"date":"2016-02-16T16:44:01","date_gmt":"2016-02-16T14:44:01","guid":{"rendered":"https:\/\/www.speckmarschall.de\/?page_id=968"},"modified":"2016-10-27T07:40:50","modified_gmt":"2016-10-27T05:40:50","slug":"dbolz","status":"publish","type":"page","link":"https:\/\/www.speckmarschall.de\/?page_id=968","title":{"rendered":"DB0LZ &#8211; Schaumberg"},"content":{"rendered":"<h2>Relaisfunkstelle Schaumberg, DB0LZ<\/h2>\n<ul>\n<li>Koordinaten: N 49.486269, E 7.029483<\/li>\n<li>Maidenhead Locator: JN39ml<\/li>\n<li>Standort:\u00a0 <a href=\"https:\/\/de.wikipedia.org\/wiki\/Schaumberg_%28Tholey%29\" target=\"_blank\">Schaumberg<\/a> (Hausberg des Saarlandes), befindet sich im <a title=\"Landkreis St. Wendel\" href=\"https:\/\/de.wikipedia.org\/wiki\/Landkreis_St._Wendel\" target=\"_blank\">Landkreis St. Wendel<\/a> in der Gemeinde <a title=\"Tholey\" href=\"https:\/\/de.wikipedia.org\/wiki\/Tholey\" target=\"_blank\">Tholey<\/a> n\u00f6rdlich von Tholey bzw. s\u00fcdlich von <a title=\"Theley\" href=\"https:\/\/de.wikipedia.org\/wiki\/Theley\" target=\"_blank\">Theley<\/a>,\u00a0 569 m \u00fc. NHN.<\/li>\n<li>Frequenz: UHF 439.275 MHz; -7,6 MHz Ablage;<br \/>\n\u25ba Mod. F3E via CTCSS von 71,9 Hz<br \/>\n\u25ba DMR\u00a0 Standardreflektor im DMRplus-Netz \u201e4013 Rheinland-Pfalz\u201c<br \/>\n(FIFO-Priorit\u00e4t <span class=\"st\">\u2259<\/span> First In First Out = beide Betriebsarten sind gleich priorisiert).<br \/>\n\u25ba <a href=\"https:\/\/www.speckmarschall.de\/?page_id=67\"><strong>Livestream DB0LZ DMR TS 2<\/strong><\/a> (Hinweis: Der DMR-Livestream l\u00e4uft derzeit noch im Testbetrieb, es kann noch vereinzelt zu Ausf\u00e4llen kommen oder es k\u00f6nnen noch Probleme mit der Audioqualit\u00e4t auftreten)<\/li>\n<li>Rufzeichen DB0LZ<\/li>\n<li>Antenne: Kathrein<br \/>\n\u25ba Gewinn:\u00a0 0 dBd<br \/>\n\u25ba ca. 54m \u00fcber Grund<\/li>\n<li>Technik:<br \/>\n\u25baHytera RD985 15W ERP<\/li>\n<li>Rufzeicheninhaber: Eugen D\u00fcpre, DK8VR<\/li>\n<\/ul>\n<p>Liste der letzten Benutzer: <a href=\"http:\/\/ham-dmr.de\/user.php?rid=262511&amp;rpt=DB0LZ\" target=\"_blank\">Last-Heard DMR User on DB0LZ<\/a><\/p>\n<h3>Relaisbelegung*<\/h3>\n<p><iframe loading=\"lazy\" style=\"border: 0;\" src=\"https:\/\/www.speckmarschall.de\/relaisbelegung\/?rpt=db0lz&amp;type=24h\" width=\"600\" height=\"325\" frameborder=\"0\"><\/iframe><br \/>\n<em>*) Die Darstellung der Relaisbelegung befindet sich noch in der Testphase.<\/em><\/p>\n<h3>Theoretischer Sende- und Empfangsbereich<\/h3>\n<p><iframe loading=\"lazy\" src=\"https:\/\/www.speckmarschall.de\/bier\/DB0LZ.html\" width=\"600\" height=\"450\" frameborder=\"0\"><\/iframe><\/p>\n<h3>Fotostrecke<\/h3>\n<p><a href=\"https:\/\/www.speckmarschall.de\/wcon\/wp-content\/uploads\/2016\/02\/20150606_171243.jpg\" rel=\"attachment wp-att-988\"><img loading=\"lazy\" decoding=\"async\" class=\"alignnone wp-image-988\" src=\"https:\/\/www.speckmarschall.de\/wcon\/wp-content\/uploads\/2016\/02\/20150606_171243.jpg\" alt=\"20150606_171243\" width=\"113\" height=\"201\" srcset=\"https:\/\/www.speckmarschall.de\/wcon\/wp-content\/uploads\/2016\/02\/20150606_171243.jpg 1836w, https:\/\/www.speckmarschall.de\/wcon\/wp-content\/uploads\/2016\/02\/20150606_171243-169x300.jpg 169w, https:\/\/www.speckmarschall.de\/wcon\/wp-content\/uploads\/2016\/02\/20150606_171243-768x1365.jpg 768w, https:\/\/www.speckmarschall.de\/wcon\/wp-content\/uploads\/2016\/02\/20150606_171243-576x1024.jpg 576w\" sizes=\"auto, (max-width: 113px) 100vw, 113px\" \/><\/a><a href=\"https:\/\/www.speckmarschall.de\/wcon\/wp-content\/uploads\/2016\/02\/20150606_172103.jpg\" rel=\"attachment wp-att-991\"> <img loading=\"lazy\" decoding=\"async\" class=\"alignnone wp-image-991\" src=\"https:\/\/www.speckmarschall.de\/wcon\/wp-content\/uploads\/2016\/02\/20150606_172103.jpg\" alt=\"20150606_172103\" width=\"356\" height=\"200\" srcset=\"https:\/\/www.speckmarschall.de\/wcon\/wp-content\/uploads\/2016\/02\/20150606_172103.jpg 3264w, https:\/\/www.speckmarschall.de\/wcon\/wp-content\/uploads\/2016\/02\/20150606_172103-300x169.jpg 300w, https:\/\/www.speckmarschall.de\/wcon\/wp-content\/uploads\/2016\/02\/20150606_172103-768x432.jpg 768w, https:\/\/www.speckmarschall.de\/wcon\/wp-content\/uploads\/2016\/02\/20150606_172103-1024x576.jpg 1024w\" sizes=\"auto, (max-width: 356px) 100vw, 356px\" \/><\/a><\/p>\n<p><a href=\"https:\/\/www.speckmarschall.de\/wcon\/wp-content\/uploads\/2016\/02\/20150606_172048.jpg\" rel=\"attachment wp-att-990\"><img loading=\"lazy\" decoding=\"async\" class=\"alignnone wp-image-990\" src=\"https:\/\/www.speckmarschall.de\/wcon\/wp-content\/uploads\/2016\/02\/20150606_172048.jpg\" alt=\"20150606_172048\" width=\"356\" height=\"200\" srcset=\"https:\/\/www.speckmarschall.de\/wcon\/wp-content\/uploads\/2016\/02\/20150606_172048.jpg 3264w, https:\/\/www.speckmarschall.de\/wcon\/wp-content\/uploads\/2016\/02\/20150606_172048-300x169.jpg 300w, https:\/\/www.speckmarschall.de\/wcon\/wp-content\/uploads\/2016\/02\/20150606_172048-768x432.jpg 768w, https:\/\/www.speckmarschall.de\/wcon\/wp-content\/uploads\/2016\/02\/20150606_172048-1024x576.jpg 1024w\" sizes=\"auto, (max-width: 356px) 100vw, 356px\" \/> <\/a><a href=\"https:\/\/www.speckmarschall.de\/wcon\/wp-content\/uploads\/2016\/02\/20150606_172040.jpg\" rel=\"attachment wp-att-989\"><img loading=\"lazy\" decoding=\"async\" class=\"alignnone wp-image-989\" src=\"https:\/\/www.speckmarschall.de\/wcon\/wp-content\/uploads\/2016\/02\/20150606_172040.jpg\" alt=\"20150606_172040\" width=\"112\" height=\"199\" srcset=\"https:\/\/www.speckmarschall.de\/wcon\/wp-content\/uploads\/2016\/02\/20150606_172040.jpg 1836w, https:\/\/www.speckmarschall.de\/wcon\/wp-content\/uploads\/2016\/02\/20150606_172040-169x300.jpg 169w, https:\/\/www.speckmarschall.de\/wcon\/wp-content\/uploads\/2016\/02\/20150606_172040-768x1365.jpg 768w, https:\/\/www.speckmarschall.de\/wcon\/wp-content\/uploads\/2016\/02\/20150606_172040-576x1024.jpg 576w\" sizes=\"auto, (max-width: 112px) 100vw, 112px\" \/><\/a><\/p>\n<p><img loading=\"lazy\" decoding=\"async\" class=\"alignnone size-full wp-image-987\" src=\"https:\/\/www.speckmarschall.de\/wcon\/wp-content\/uploads\/2016\/02\/20150606_171122.jpg\" alt=\"20150606_171122\" width=\"6704\" height=\"1088\" srcset=\"https:\/\/www.speckmarschall.de\/wcon\/wp-content\/uploads\/2016\/02\/20150606_171122.jpg 6704w, https:\/\/www.speckmarschall.de\/wcon\/wp-content\/uploads\/2016\/02\/20150606_171122-300x49.jpg 300w, https:\/\/www.speckmarschall.de\/wcon\/wp-content\/uploads\/2016\/02\/20150606_171122-768x125.jpg 768w, https:\/\/www.speckmarschall.de\/wcon\/wp-content\/uploads\/2016\/02\/20150606_171122-1024x166.jpg 1024w\" sizes=\"auto, (max-width: 6704px) 100vw, 6704px\" \/><\/p>\n<p><a href=\"https:\/\/www.speckmarschall.de\/wcon\/wp-content\/uploads\/2016\/02\/Schaumberg-DB0LZ-Speckmarschall.jpg\" rel=\"attachment wp-att-1004\"><img loading=\"lazy\" decoding=\"async\" class=\"alignnone wp-image-1004\" src=\"https:\/\/www.speckmarschall.de\/wcon\/wp-content\/uploads\/2016\/02\/Schaumberg-DB0LZ-Speckmarschall.jpg\" alt=\"Schaumberg DB0LZ Speckmarschall\" width=\"121\" height=\"188\" srcset=\"https:\/\/www.speckmarschall.de\/wcon\/wp-content\/uploads\/2016\/02\/Schaumberg-DB0LZ-Speckmarschall.jpg 1028w, https:\/\/www.speckmarschall.de\/wcon\/wp-content\/uploads\/2016\/02\/Schaumberg-DB0LZ-Speckmarschall-193x300.jpg 193w, https:\/\/www.speckmarschall.de\/wcon\/wp-content\/uploads\/2016\/02\/Schaumberg-DB0LZ-Speckmarschall-768x1195.jpg 768w, https:\/\/www.speckmarschall.de\/wcon\/wp-content\/uploads\/2016\/02\/Schaumberg-DB0LZ-Speckmarschall-658x1024.jpg 658w\" sizes=\"auto, (max-width: 121px) 100vw, 121px\" \/><\/a> <a href=\"https:\/\/www.speckmarschall.de\/wcon\/wp-content\/uploads\/2016\/02\/DB0LZ-Speckmarschall-Schaumberg.jpg\" rel=\"attachment wp-att-1005\"><img loading=\"lazy\" decoding=\"async\" class=\"alignnone wp-image-1005\" src=\"https:\/\/www.speckmarschall.de\/wcon\/wp-content\/uploads\/2016\/02\/DB0LZ-Speckmarschall-Schaumberg.jpg\" alt=\"DB0LZ Speckmarschall Schaumberg\" width=\"92\" height=\"187\" srcset=\"https:\/\/www.speckmarschall.de\/wcon\/wp-content\/uploads\/2016\/02\/DB0LZ-Speckmarschall-Schaumberg.jpg 787w, https:\/\/www.speckmarschall.de\/wcon\/wp-content\/uploads\/2016\/02\/DB0LZ-Speckmarschall-Schaumberg-148x300.jpg 148w, https:\/\/www.speckmarschall.de\/wcon\/wp-content\/uploads\/2016\/02\/DB0LZ-Speckmarschall-Schaumberg-768x1561.jpg 768w, https:\/\/www.speckmarschall.de\/wcon\/wp-content\/uploads\/2016\/02\/DB0LZ-Speckmarschall-Schaumberg-504x1024.jpg 504w\" sizes=\"auto, (max-width: 92px) 100vw, 92px\" \/><\/a> <a href=\"https:\/\/www.speckmarschall.de\/wcon\/wp-content\/uploads\/2016\/02\/IMG_8671-1.jpg\" rel=\"attachment wp-att-1006\"><img loading=\"lazy\" decoding=\"async\" class=\"alignnone wp-image-1006\" src=\"https:\/\/www.speckmarschall.de\/wcon\/wp-content\/uploads\/2016\/02\/IMG_8671-1.jpg\" alt=\"IMG_8671\" width=\"140\" height=\"186\" srcset=\"https:\/\/www.speckmarschall.de\/wcon\/wp-content\/uploads\/2016\/02\/IMG_8671-1.jpg 1200w, https:\/\/www.speckmarschall.de\/wcon\/wp-content\/uploads\/2016\/02\/IMG_8671-1-225x300.jpg 225w, https:\/\/www.speckmarschall.de\/wcon\/wp-content\/uploads\/2016\/02\/IMG_8671-1-768x1024.jpg 768w\" sizes=\"auto, (max-width: 140px) 100vw, 140px\" \/><\/a> <a href=\"https:\/\/www.speckmarschall.de\/wcon\/wp-content\/uploads\/2016\/02\/DB0LZ-Speckmarschall-Schaumbergturm.jpg\" rel=\"attachment wp-att-1007\"><img loading=\"lazy\" decoding=\"async\" class=\"alignnone wp-image-1007\" src=\"https:\/\/www.speckmarschall.de\/wcon\/wp-content\/uploads\/2016\/02\/DB0LZ-Speckmarschall-Schaumbergturm.jpg\" alt=\"DB0LZ Speckmarschall Schaumbergturm\" width=\"111\" height=\"189\" srcset=\"https:\/\/www.speckmarschall.de\/wcon\/wp-content\/uploads\/2016\/02\/DB0LZ-Speckmarschall-Schaumbergturm.jpg 940w, https:\/\/www.speckmarschall.de\/wcon\/wp-content\/uploads\/2016\/02\/DB0LZ-Speckmarschall-Schaumbergturm-176x300.jpg 176w, https:\/\/www.speckmarschall.de\/wcon\/wp-content\/uploads\/2016\/02\/DB0LZ-Speckmarschall-Schaumbergturm-768x1307.jpg 768w, https:\/\/www.speckmarschall.de\/wcon\/wp-content\/uploads\/2016\/02\/DB0LZ-Speckmarschall-Schaumbergturm-602x1024.jpg 602w\" sizes=\"auto, (max-width: 111px) 100vw, 111px\" \/><\/a><\/p>\n<p><a href=\"https:\/\/www.speckmarschall.de\/wcon\/wp-content\/uploads\/2016\/02\/20150606_165844.jpg\" rel=\"attachment wp-att-980\"><img loading=\"lazy\" decoding=\"async\" class=\"alignnone wp-image-980\" src=\"https:\/\/www.speckmarschall.de\/wcon\/wp-content\/uploads\/2016\/02\/20150606_165844.jpg\" alt=\"20150606_165844\" width=\"150\" height=\"183\" srcset=\"https:\/\/www.speckmarschall.de\/wcon\/wp-content\/uploads\/2016\/02\/20150606_165844.jpg 720w, https:\/\/www.speckmarschall.de\/wcon\/wp-content\/uploads\/2016\/02\/20150606_165844-245x300.jpg 245w\" sizes=\"auto, (max-width: 150px) 100vw, 150px\" \/><\/a>\u00a0 <a href=\"https:\/\/www.speckmarschall.de\/wcon\/wp-content\/uploads\/2016\/02\/20150606_165142.jpg\" rel=\"attachment wp-att-977\"><img loading=\"lazy\" decoding=\"async\" class=\"alignnone wp-image-977\" src=\"https:\/\/www.speckmarschall.de\/wcon\/wp-content\/uploads\/2016\/02\/20150606_165142.jpg\" alt=\"20150606_165142\" width=\"103\" height=\"183\" srcset=\"https:\/\/www.speckmarschall.de\/wcon\/wp-content\/uploads\/2016\/02\/20150606_165142.jpg 1836w, https:\/\/www.speckmarschall.de\/wcon\/wp-content\/uploads\/2016\/02\/20150606_165142-169x300.jpg 169w, https:\/\/www.speckmarschall.de\/wcon\/wp-content\/uploads\/2016\/02\/20150606_165142-768x1365.jpg 768w, https:\/\/www.speckmarschall.de\/wcon\/wp-content\/uploads\/2016\/02\/20150606_165142-576x1024.jpg 576w\" sizes=\"auto, (max-width: 103px) 100vw, 103px\" \/><\/a> <a href=\"https:\/\/www.speckmarschall.de\/wcon\/wp-content\/uploads\/2016\/02\/20150606_165112.jpg\" rel=\"attachment wp-att-976\"><img loading=\"lazy\" decoding=\"async\" class=\"alignnone wp-image-976\" src=\"https:\/\/www.speckmarschall.de\/wcon\/wp-content\/uploads\/2016\/02\/20150606_165112.jpg\" alt=\"20150606_165112\" width=\"104\" height=\"185\" srcset=\"https:\/\/www.speckmarschall.de\/wcon\/wp-content\/uploads\/2016\/02\/20150606_165112.jpg 1836w, https:\/\/www.speckmarschall.de\/wcon\/wp-content\/uploads\/2016\/02\/20150606_165112-169x300.jpg 169w, https:\/\/www.speckmarschall.de\/wcon\/wp-content\/uploads\/2016\/02\/20150606_165112-768x1365.jpg 768w, https:\/\/www.speckmarschall.de\/wcon\/wp-content\/uploads\/2016\/02\/20150606_165112-576x1024.jpg 576w\" sizes=\"auto, (max-width: 104px) 100vw, 104px\" \/><\/a> <a href=\"https:\/\/www.speckmarschall.de\/wcon\/wp-content\/uploads\/2016\/02\/20150606_165108.jpg\" rel=\"attachment wp-att-975\"><img loading=\"lazy\" decoding=\"async\" class=\"alignnone wp-image-975\" src=\"https:\/\/www.speckmarschall.de\/wcon\/wp-content\/uploads\/2016\/02\/20150606_165108.jpg\" alt=\"20150606_165108\" width=\"104\" height=\"185\" srcset=\"https:\/\/www.speckmarschall.de\/wcon\/wp-content\/uploads\/2016\/02\/20150606_165108.jpg 1836w, https:\/\/www.speckmarschall.de\/wcon\/wp-content\/uploads\/2016\/02\/20150606_165108-169x300.jpg 169w, https:\/\/www.speckmarschall.de\/wcon\/wp-content\/uploads\/2016\/02\/20150606_165108-768x1365.jpg 768w, https:\/\/www.speckmarschall.de\/wcon\/wp-content\/uploads\/2016\/02\/20150606_165108-576x1024.jpg 576w\" sizes=\"auto, (max-width: 104px) 100vw, 104px\" \/><\/a><\/p>\n<p><a href=\"https:\/\/www.speckmarschall.de\/wcon\/wp-content\/uploads\/2016\/02\/20150606_164825.jpg\" rel=\"attachment wp-att-971\">\u00a0<\/a><a href=\"https:\/\/www.speckmarschall.de\/wcon\/wp-content\/uploads\/2016\/02\/20150606_164813.jpg\" rel=\"attachment wp-att-969\"> <img loading=\"lazy\" decoding=\"async\" class=\"alignnone wp-image-969\" src=\"https:\/\/www.speckmarschall.de\/wcon\/wp-content\/uploads\/2016\/02\/20150606_164813.jpg\" alt=\"20150606_164813\" width=\"81\" height=\"144\" srcset=\"https:\/\/www.speckmarschall.de\/wcon\/wp-content\/uploads\/2016\/02\/20150606_164813.jpg 1836w, https:\/\/www.speckmarschall.de\/wcon\/wp-content\/uploads\/2016\/02\/20150606_164813-169x300.jpg 169w, https:\/\/www.speckmarschall.de\/wcon\/wp-content\/uploads\/2016\/02\/20150606_164813-768x1365.jpg 768w, https:\/\/www.speckmarschall.de\/wcon\/wp-content\/uploads\/2016\/02\/20150606_164813-576x1024.jpg 576w\" sizes=\"auto, (max-width: 81px) 100vw, 81px\" \/><\/a><a href=\"https:\/\/www.speckmarschall.de\/wcon\/wp-content\/uploads\/2016\/02\/IMG_8662.jpg\" rel=\"attachment wp-att-995\"> <img loading=\"lazy\" decoding=\"async\" class=\"alignnone wp-image-995\" src=\"https:\/\/www.speckmarschall.de\/wcon\/wp-content\/uploads\/2016\/02\/IMG_8662.jpg\" alt=\"IMG_8662\" width=\"190\" height=\"143\" srcset=\"https:\/\/www.speckmarschall.de\/wcon\/wp-content\/uploads\/2016\/02\/IMG_8662.jpg 1600w, https:\/\/www.speckmarschall.de\/wcon\/wp-content\/uploads\/2016\/02\/IMG_8662-300x225.jpg 300w, https:\/\/www.speckmarschall.de\/wcon\/wp-content\/uploads\/2016\/02\/IMG_8662-768x576.jpg 768w, https:\/\/www.speckmarschall.de\/wcon\/wp-content\/uploads\/2016\/02\/IMG_8662-1024x768.jpg 1024w\" sizes=\"auto, (max-width: 190px) 100vw, 190px\" \/><\/a> <a href=\"https:\/\/www.speckmarschall.de\/wcon\/wp-content\/uploads\/2016\/02\/IMG_8661.jpg\" rel=\"attachment wp-att-999\"><img loading=\"lazy\" decoding=\"async\" class=\"alignnone wp-image-999\" src=\"https:\/\/www.speckmarschall.de\/wcon\/wp-content\/uploads\/2016\/02\/IMG_8661.jpg\" alt=\"IMG_8661\" width=\"190\" height=\"143\" srcset=\"https:\/\/www.speckmarschall.de\/wcon\/wp-content\/uploads\/2016\/02\/IMG_8661.jpg 1600w, https:\/\/www.speckmarschall.de\/wcon\/wp-content\/uploads\/2016\/02\/IMG_8661-300x225.jpg 300w, https:\/\/www.speckmarschall.de\/wcon\/wp-content\/uploads\/2016\/02\/IMG_8661-768x576.jpg 768w, https:\/\/www.speckmarschall.de\/wcon\/wp-content\/uploads\/2016\/02\/IMG_8661-1024x768.jpg 1024w\" sizes=\"auto, (max-width: 190px) 100vw, 190px\" \/><\/a><\/p>\n<p><a href=\"https:\/\/www.speckmarschall.de\/wcon\/wp-content\/uploads\/2016\/02\/IMG_8671.jpg\" rel=\"attachment wp-att-1000\">\u00a0 <img loading=\"lazy\" decoding=\"async\" class=\"alignnone wp-image-1000\" src=\"https:\/\/www.speckmarschall.de\/wcon\/wp-content\/uploads\/2016\/02\/IMG_8671.jpg\" alt=\"IMG_8671\" width=\"123\" height=\"164\" srcset=\"https:\/\/www.speckmarschall.de\/wcon\/wp-content\/uploads\/2016\/02\/IMG_8671.jpg 1200w, https:\/\/www.speckmarschall.de\/wcon\/wp-content\/uploads\/2016\/02\/IMG_8671-225x300.jpg 225w, https:\/\/www.speckmarschall.de\/wcon\/wp-content\/uploads\/2016\/02\/IMG_8671-768x1024.jpg 768w\" sizes=\"auto, (max-width: 123px) 100vw, 123px\" \/><\/a> <a href=\"https:\/\/www.speckmarschall.de\/wcon\/wp-content\/uploads\/2016\/02\/IMG_8663.jpg\" rel=\"attachment wp-att-1001\"><img loading=\"lazy\" decoding=\"async\" class=\"alignnone wp-image-1001\" src=\"https:\/\/www.speckmarschall.de\/wcon\/wp-content\/uploads\/2016\/02\/IMG_8663.jpg\" alt=\"IMG_8663\" width=\"122\" height=\"162\" srcset=\"https:\/\/www.speckmarschall.de\/wcon\/wp-content\/uploads\/2016\/02\/IMG_8663.jpg 1200w, https:\/\/www.speckmarschall.de\/wcon\/wp-content\/uploads\/2016\/02\/IMG_8663-225x300.jpg 225w, https:\/\/www.speckmarschall.de\/wcon\/wp-content\/uploads\/2016\/02\/IMG_8663-768x1024.jpg 768w\" sizes=\"auto, (max-width: 122px) 100vw, 122px\" \/><\/a> <a href=\"https:\/\/www.speckmarschall.de\/wcon\/wp-content\/uploads\/2016\/02\/IMG_8664.jpg\" rel=\"attachment wp-att-1002\"><img loading=\"lazy\" decoding=\"async\" class=\"alignnone wp-image-1002\" src=\"https:\/\/www.speckmarschall.de\/wcon\/wp-content\/uploads\/2016\/02\/IMG_8664.jpg\" alt=\"IMG_8664\" width=\"214\" height=\"161\" srcset=\"https:\/\/www.speckmarschall.de\/wcon\/wp-content\/uploads\/2016\/02\/IMG_8664.jpg 1600w, https:\/\/www.speckmarschall.de\/wcon\/wp-content\/uploads\/2016\/02\/IMG_8664-300x225.jpg 300w, https:\/\/www.speckmarschall.de\/wcon\/wp-content\/uploads\/2016\/02\/IMG_8664-768x576.jpg 768w, https:\/\/www.speckmarschall.de\/wcon\/wp-content\/uploads\/2016\/02\/IMG_8664-1024x768.jpg 1024w\" sizes=\"auto, (max-width: 214px) 100vw, 214px\" \/><\/a><\/p>\n<p><a href=\"https:\/\/www.speckmarschall.de\/wcon\/wp-content\/uploads\/2016\/02\/20150606_165813.jpg\" rel=\"attachment wp-att-979\"><img loading=\"lazy\" decoding=\"async\" class=\"alignnone size-full wp-image-979\" src=\"https:\/\/www.speckmarschall.de\/wcon\/wp-content\/uploads\/2016\/02\/20150606_165813.jpg\" alt=\"20150606_165813\" width=\"6592\" height=\"1120\" srcset=\"https:\/\/www.speckmarschall.de\/wcon\/wp-content\/uploads\/2016\/02\/20150606_165813.jpg 6592w, https:\/\/www.speckmarschall.de\/wcon\/wp-content\/uploads\/2016\/02\/20150606_165813-300x51.jpg 300w, https:\/\/www.speckmarschall.de\/wcon\/wp-content\/uploads\/2016\/02\/20150606_165813-768x130.jpg 768w, https:\/\/www.speckmarschall.de\/wcon\/wp-content\/uploads\/2016\/02\/20150606_165813-1024x174.jpg 1024w\" sizes=\"auto, (max-width: 6592px) 100vw, 6592px\" \/><\/a><\/p>\n<p><a href=\"https:\/\/www.speckmarschall.de\/wcon\/wp-content\/uploads\/2016\/02\/20150606_165238.jpg\" rel=\"attachment wp-att-978\"><img loading=\"lazy\" decoding=\"async\" class=\"alignnone size-full wp-image-978\" src=\"https:\/\/www.speckmarschall.de\/wcon\/wp-content\/uploads\/2016\/02\/20150606_165238.jpg\" alt=\"20150606_165238\" width=\"7680\" height=\"1104\" srcset=\"https:\/\/www.speckmarschall.de\/wcon\/wp-content\/uploads\/2016\/02\/20150606_165238.jpg 7680w, https:\/\/www.speckmarschall.de\/wcon\/wp-content\/uploads\/2016\/02\/20150606_165238-300x43.jpg 300w, https:\/\/www.speckmarschall.de\/wcon\/wp-content\/uploads\/2016\/02\/20150606_165238-768x110.jpg 768w, https:\/\/www.speckmarschall.de\/wcon\/wp-content\/uploads\/2016\/02\/20150606_165238-1024x147.jpg 1024w\" sizes=\"auto, (max-width: 7680px) 100vw, 7680px\" \/><\/a><\/p>\n<p>&nbsp;<\/p>\n<p>weiterf\u00fchrende Informationen unter:<\/p>\n<p><a href=\"http:\/\/www.darc.de\/distrikte\/q\/06\/db0lz\/\" target=\"_blank\">http:\/\/www.darc.de\/distrikte\/q\/06\/db0lz\/<\/a><\/p>\n<p>&nbsp;<\/p>\n<p>&nbsp;<\/p>\n<p>&nbsp;<\/p>\n","protected":false},"excerpt":{"rendered":"<p>Relaisfunkstelle Schaumberg, DB0LZ Koordinaten: N 49.486269, E 7.029483 Maidenhead Locator: JN39ml Standort:\u00a0 Schaumberg (Hausberg des Saarlandes), befindet sich im Landkreis St. Wendel in der Gemeinde Tholey n\u00f6rdlich von Tholey bzw. s\u00fcdlich von Theley,\u00a0 569 m \u00fc. NHN. Frequenz: UHF 439.275 MHz; -7,6 MHz Ablage; \u25ba Mod. F3E via CTCSS von 71,9 Hz \u25ba DMR\u00a0 Standardreflektor &hellip; <a href=\"https:\/\/www.speckmarschall.de\/?page_id=968\" class=\"more-link\"><span class=\"screen-reader-text\">DB0LZ &#8211; Schaumberg<\/span> weiterlesen <span class=\"meta-nav\">&rarr;<\/span><\/a><\/p>\n","protected":false},"author":2,"featured_media":0,"parent":1550,"menu_order":20,"comment_status":"closed","ping_status":"closed","template":"","meta":{"footnotes":""},"class_list":["post-968","page","type-page","status-publish","hentry"],"_links":{"self":[{"href":"https:\/\/www.speckmarschall.de\/index.php?rest_route=\/wp\/v2\/pages\/968","targetHints":{"allow":["GET"]}}],"collection":[{"href":"https:\/\/www.speckmarschall.de\/index.php?rest_route=\/wp\/v2\/pages"}],"about":[{"href":"https:\/\/www.speckmarschall.de\/index.php?rest_route=\/wp\/v2\/types\/page"}],"author":[{"embeddable":true,"href":"https:\/\/www.speckmarschall.de\/index.php?rest_route=\/wp\/v2\/users\/2"}],"replies":[{"embeddable":true,"href":"https:\/\/www.speckmarschall.de\/index.php?rest_route=%2Fwp%2Fv2%2Fcomments&post=968"}],"version-history":[{"count":28,"href":"https:\/\/www.speckmarschall.de\/index.php?rest_route=\/wp\/v2\/pages\/968\/revisions"}],"predecessor-version":[{"id":2666,"href":"https:\/\/www.speckmarschall.de\/index.php?rest_route=\/wp\/v2\/pages\/968\/revisions\/2666"}],"up":[{"embeddable":true,"href":"https:\/\/www.speckmarschall.de\/index.php?rest_route=\/wp\/v2\/pages\/1550"}],"wp:attachment":[{"href":"https:\/\/www.speckmarschall.de\/index.php?rest_route=%2Fwp%2Fv2%2Fmedia&parent=968"}],"curies":[{"name":"wp","href":"https:\/\/api.w.org\/{rel}","templated":true}]}}